{"id":12,"date":"2019-03-23T10:40:35","date_gmt":"2019-03-23T10:40:35","guid":{"rendered":"http:\/\/www.gangodvaznych.cz\/?page_id=12"},"modified":"2026-03-28T23:38:18","modified_gmt":"2026-03-28T23:38:18","slug":"bonusy","status":"publish","type":"page","link":"https:\/\/www.gangodvaznych.cz\/index.php\/bonusy\/","title":{"rendered":"Bonusy"},"content":{"rendered":"<p><img loading=\"lazy\" decoding=\"async\" class=\"size-medium wp-image-2866 alignright\" src=\"http:\/\/www.gangodvaznych.cz\/wp-content\/uploads\/2021\/10\/Alfa-pise-294x300.jpg\" alt=\"\" width=\"294\" height=\"300\" srcset=\"https:\/\/www.gangodvaznych.cz\/wp-content\/uploads\/2021\/10\/Alfa-pise-294x300.jpg 294w, https:\/\/www.gangodvaznych.cz\/wp-content\/uploads\/2021\/10\/Alfa-pise-1003x1024.jpg 1003w, https:\/\/www.gangodvaznych.cz\/wp-content\/uploads\/2021\/10\/Alfa-pise-768x784.jpg 768w, https:\/\/www.gangodvaznych.cz\/wp-content\/uploads\/2021\/10\/Alfa-pise-1505x1536.jpg 1505w, https:\/\/www.gangodvaznych.cz\/wp-content\/uploads\/2021\/10\/Alfa-pise-300x306.jpg 300w, https:\/\/www.gangodvaznych.cz\/wp-content\/uploads\/2021\/10\/Alfa-pise-850x868.jpg 850w, https:\/\/www.gangodvaznych.cz\/wp-content\/uploads\/2021\/10\/Alfa-pise.jpg 1537w\" sizes=\"auto, (max-width: 294px) 100vw, 294px\" \/><\/p>\n<p><a href=\"https:\/\/www.gangodvaznych.cz\/index.php\/australie\/\">AUSTR\u00c1LIE<\/a><\/p>\n<p><a href=\"https:\/\/www.gangodvaznych.cz\/index.php\/bonusy-dzungle\/\">D\u017dUNGLE<\/a><\/p>\n<p><a href=\"https:\/\/www.gangodvaznych.cz\/index.php\/mamuti-chlup-bonusy\/\">MAMUT\u00cd CHLUP<\/a><\/p>\n<p><a href=\"http:\/\/www.gangodvaznych.cz\/index.php\/bonusy-hory\/\">HORY<\/a><\/p>\n<p><a href=\"https:\/\/www.gangodvaznych.cz\/index.php\/medved\/\">MEDV\u011aD<\/a><\/p>\n<p><a href=\"http:\/\/www.gangodvaznych.cz\/index.php\/bonusy-more\/\">MO\u0158E<\/a><\/p>\n<p><a href=\"http:\/\/www.gangodvaznych.cz\/index.php\/bonusy-poust\/\">POU\u0160\u0164<\/a><\/p>\n<p><a href=\"https:\/\/www.gangodvaznych.cz\/index.php\/povoden\/\">POVODE\u0147<\/a><\/p>\n<p><a href=\"https:\/\/www.gangodvaznych.cz\/index.php\/pozar\/\">PO\u017d\u00c1R<\/a><\/p>\n<p><a href=\"https:\/\/www.gangodvaznych.cz\/index.php\/savana-bonusy\/\">SAVANA<\/a><\/p>\n<p><a href=\"https:\/\/www.gangodvaznych.cz\/index.php\/tornado\/\">TORN\u00c1DO<\/a><\/p>\n<p><a href=\"https:\/\/www.gangodvaznych.cz\/index.php\/zemetreseni\/\">ZEM\u011aT\u0158ESEN\u00cd<\/a><\/p>\n<p>&nbsp;<\/p>\n<p>&nbsp;<\/p>\n<p>&nbsp;<\/p>\n<p>&nbsp;<\/p>\n<p>&nbsp;<\/p>\n<h1 style=\"text-align: center;\">&nbsp; &nbsp; &nbsp; &nbsp; &nbsp; &nbsp; &nbsp; &nbsp; &nbsp; &nbsp; &nbsp; &nbsp; &nbsp; &nbsp; &nbsp; &nbsp; &nbsp; &nbsp; &nbsp; &nbsp; &nbsp; &nbsp; &nbsp; &nbsp; &nbsp; &nbsp; &nbsp; &nbsp; &nbsp; &nbsp; &nbsp; &nbsp; &nbsp; &nbsp; &nbsp; &nbsp; &nbsp; &nbsp; &nbsp; &nbsp; &nbsp; &nbsp;<span style=\"color: #ff0000;\"><em><strong><span style=\"color: #000000;\">Pozn\u00e1mky k bonus\u016fm p\u00ed\u0161eme<\/span> <a href=\"https:\/\/www.gangodvaznych.cz\/index.php\/2023\/05\/14\/propisky-od-gabrielis\/\">propiskami <\/a><span style=\"color: #000000;\">od<\/span> <a href=\"https:\/\/www.psanipomaha.cz\/\">GABRIELIS<\/a><\/strong><\/em><\/span><strong>.<\/strong><\/h1>\n<h1><strong><span style=\"color: #ff0000;\"><em>&nbsp; &nbsp; &nbsp; &nbsp; &nbsp; &nbsp; &nbsp; &nbsp; &nbsp; &nbsp; &nbsp; &nbsp; &nbsp; &nbsp; &nbsp; &nbsp;Psan\u00ed pom\u00e1h\u00e1<\/em><\/span><\/strong><\/h1>\n<h1 style=\"text-align: right;\">&nbsp; &nbsp; &nbsp; &nbsp; &nbsp; &nbsp; &nbsp; &nbsp; &nbsp; &nbsp; &nbsp; &nbsp; &nbsp; &nbsp; &nbsp; &nbsp; &nbsp; &nbsp; &nbsp; &nbsp; &nbsp; &nbsp; &nbsp; &nbsp; &nbsp; &nbsp; &nbsp; &nbsp; &nbsp; &nbsp; &nbsp; &nbsp; &nbsp; &nbsp; &nbsp; &nbsp; &nbsp; &nbsp; &nbsp;&nbsp;<\/h1>\n<p>&nbsp;<\/p>\n","protected":false},"excerpt":{"rendered":"<p>AUSTR\u00c1LIE D\u017dUNGLE MAMUT\u00cd CHLUP HORY MEDV\u011aD MO\u0158E POU\u0160\u0164 POVODE\u0147 PO\u017d\u00c1R SAVANA TORN\u00c1DO ZEM\u011aT\u0158ESEN\u00cd &nbsp; &nbsp; &nbsp; &nbsp; &nbsp; &nbsp; &nbsp; &nbsp; &nbsp; &nbsp; &nbsp; &nbsp; &nbsp; &nbsp; &nbsp; &nbsp; &nbsp; &nbsp; &nbsp; &nbsp; &nbsp; &nbsp; &nbsp; &nbsp; &nbsp; &nbsp; &nbsp; &nbsp; &nbsp; &nbsp; &nbsp; &nbsp; &nbsp; &nbsp; &nbsp; &nbsp; &nbsp; &nbsp; &nbsp; &nbsp; &nbsp; &nbsp;&#8230;<\/p>\n","protected":false},"author":1,"featured_media":0,"parent":0,"menu_order":0,"comment_status":"closed","ping_status":"closed","template":"","meta":{"ngg_post_thumbnail":0,"footnotes":""},"class_list":["post-12","page","type-page","status-publish","hentry"],"_links":{"self":[{"href":"https:\/\/www.gangodvaznych.cz\/index.php\/wp-json\/wp\/v2\/pages\/12","targetHints":{"allow":["GET"]}}],"collection":[{"href":"https:\/\/www.gangodvaznych.cz\/index.php\/wp-json\/wp\/v2\/pages"}],"about":[{"href":"https:\/\/www.gangodvaznych.cz\/index.php\/wp-json\/wp\/v2\/types\/page"}],"author":[{"embeddable":true,"href":"https:\/\/www.gangodvaznych.cz\/index.php\/wp-json\/wp\/v2\/users\/1"}],"replies":[{"embeddable":true,"href":"https:\/\/www.gangodvaznych.cz\/index.php\/wp-json\/wp\/v2\/comments?post=12"}],"version-history":[{"count":28,"href":"https:\/\/www.gangodvaznych.cz\/index.php\/wp-json\/wp\/v2\/pages\/12\/revisions"}],"predecessor-version":[{"id":5640,"href":"https:\/\/www.gangodvaznych.cz\/index.php\/wp-json\/wp\/v2\/pages\/12\/revisions\/5640"}],"wp:attachment":[{"href":"https:\/\/www.gangodvaznych.cz\/index.php\/wp-json\/wp\/v2\/media?parent=12"}],"curies":[{"name":"wp","href":"https:\/\/api.w.org\/{rel}","templated":true}]}}