{"id":2019,"date":"2021-05-13T11:00:51","date_gmt":"2021-05-13T11:00:51","guid":{"rendered":"https:\/\/www.gangodvaznych.cz\/?page_id=2019"},"modified":"2021-08-03T14:27:24","modified_gmt":"2021-08-03T14:27:24","slug":"go-netvor-trese-zemi","status":"publish","type":"page","link":"https:\/\/www.gangodvaznych.cz\/index.php\/go-netvor-trese-zemi\/","title":{"rendered":"GO! &#8211; Netvor t\u0159ese zem\u00ed"},"content":{"rendered":"<p>P\u00e1t\u00e1 kniha ze s\u00e9rie GO! a prvn\u00ed z \u0159ady \u017dIVLY. \u0160est kamar\u00e1d\u016f z Gangu odv\u00e1\u017en\u00fdch m\u00ed\u0159\u00ed do Japonska. Atraktivn\u00ed v\u00fdlet v\u0161ak naru\u0161\u00ed zem\u011bt\u0159esen\u00ed, p\u0159i kter\u00e9m jde v\u0161em o \u017eivot.<\/p>\n<p><img loading=\"lazy\" decoding=\"async\" class=\"alignnone wp-image-2006\" src=\"http:\/\/www.gangodvaznych.cz\/wp-content\/uploads\/2021\/05\/Netvor-trese-zemi-OBALKA-205x300.jpg\" alt=\"\" width=\"330\" height=\"483\" srcset=\"https:\/\/www.gangodvaznych.cz\/wp-content\/uploads\/2021\/05\/Netvor-trese-zemi-OBALKA-205x300.jpg 205w, https:\/\/www.gangodvaznych.cz\/wp-content\/uploads\/2021\/05\/Netvor-trese-zemi-OBALKA-700x1024.jpg 700w, https:\/\/www.gangodvaznych.cz\/wp-content\/uploads\/2021\/05\/Netvor-trese-zemi-OBALKA-768x1123.jpg 768w, https:\/\/www.gangodvaznych.cz\/wp-content\/uploads\/2021\/05\/Netvor-trese-zemi-OBALKA-1050x1536.jpg 1050w, https:\/\/www.gangodvaznych.cz\/wp-content\/uploads\/2021\/05\/Netvor-trese-zemi-OBALKA-1401x2048.jpg 1401w, https:\/\/www.gangodvaznych.cz\/wp-content\/uploads\/2021\/05\/Netvor-trese-zemi-OBALKA-300x439.jpg 300w, https:\/\/www.gangodvaznych.cz\/wp-content\/uploads\/2021\/05\/Netvor-trese-zemi-OBALKA-850x1243.jpg 850w, https:\/\/www.gangodvaznych.cz\/wp-content\/uploads\/2021\/05\/Netvor-trese-zemi-OBALKA-scaled.jpg 1751w\" sizes=\"auto, (max-width: 330px) 100vw, 330px\" \/><\/p>\n<ul>\n<li>Rok vyd\u00e1n\u00ed: 2021<\/li>\n<li>Naps\u00e1no: 2020<\/li>\n<li>Stran:&nbsp;119<\/li>\n<li>\u017d\u00e1nr:&nbsp;dobrodru\u017en\u00e9 p\u0159\u00edb\u011bhy<\/li>\n<li>Ilustr\u00e1tor:&nbsp;Maty\u00e1\u0161 Namai<\/li>\n<li>Nakladatel:&nbsp;Albatros<\/li>\n<li>N\u00e1klad: \/<\/li>\n<li>ISBN&nbsp;978-80-00-06172-6<\/li>\n<li>Pozn\u00e1mka 1: Kniha ze s\u00e9rie&nbsp;<em>GO!<\/em>&nbsp;(Gang odv\u00e1\u017en\u00fdch). Dal\u0161\u00ed d\u00edly:&nbsp;<em><a href=\"http:\/\/www.brezinova.cz\/go-ztraceni-ve-vlnach\/\">Ztraceni ve vln\u00e1ch<\/a>,&nbsp;<a href=\"http:\/\/www.brezinova.cz\/go-nevinna-lavina\/\">Nevinn\u00e1 lavina<\/a>,&nbsp;<a href=\"http:\/\/www.brezinova.cz\/go-ve-sparech-dzungle\/\">Ve sp\u00e1rech d\u017eungle<\/a>,&nbsp;<a href=\"http:\/\/www.brezinova.cz\/go-poust-vsude-poust\/\">Pou\u0161\u0165, v\u0161ude pou\u0161\u0165<\/a><\/em><\/li>\n<li>Pozn\u00e1mka 2: \u0158ada \u017dIVLY (zem\u011b, voda, ohe\u0148, vzduch)<\/li>\n<li>Pozn\u00e1mka 3: Sou\u010d\u00e1st\u00ed knihy jsou Z\u00e1sady p\u0159e\u017eit\u00ed p\u0159i&nbsp;zem\u011bt\u0159esen\u00ed<\/li>\n<li>Pozn\u00e1mka 4: V\u0161e o s\u00e9rii&nbsp;<em>GO!&nbsp;<\/em>najdete na str\u00e1nk\u00e1ch&nbsp;<a href=\"https:\/\/www.gangodvaznych.cz\/\">www.gangodvaznych.cz<\/a><\/li>\n<\/ul>\n<p>&nbsp;<\/p>\n<p>POSTAVY (nov\u00e1 p\u0159eds\u00e1dka)<\/p>\n<p><img loading=\"lazy\" decoding=\"async\" class=\"alignnone wp-image-2007\" src=\"http:\/\/www.gangodvaznych.cz\/wp-content\/uploads\/2021\/05\/Lineup-300x230.jpg\" alt=\"\" width=\"642\" height=\"493\" srcset=\"https:\/\/www.gangodvaznych.cz\/wp-content\/uploads\/2021\/05\/Lineup-300x230.jpg 300w, https:\/\/www.gangodvaznych.cz\/wp-content\/uploads\/2021\/05\/Lineup-1024x785.jpg 1024w, https:\/\/www.gangodvaznych.cz\/wp-content\/uploads\/2021\/05\/Lineup-768x589.jpg 768w, https:\/\/www.gangodvaznych.cz\/wp-content\/uploads\/2021\/05\/Lineup-1536x1178.jpg 1536w, https:\/\/www.gangodvaznych.cz\/wp-content\/uploads\/2021\/05\/Lineup-2048x1570.jpg 2048w, https:\/\/www.gangodvaznych.cz\/wp-content\/uploads\/2021\/05\/Lineup-850x652.jpg 850w\" sizes=\"auto, (max-width: 642px) 100vw, 642px\" \/><\/p>\n<p>&nbsp;<\/p>\n<p>MAPA OBLASTI, KDE SE P\u0158\u00cdB\u011aH ODEHR\u00c1V\u00c1<\/p>\n<p><img loading=\"lazy\" decoding=\"async\" class=\"alignnone wp-image-2008\" src=\"http:\/\/www.gangodvaznych.cz\/wp-content\/uploads\/2021\/05\/Netvor_zadni-predsadka-300x231.jpg\" alt=\"\" width=\"613\" height=\"472\" srcset=\"https:\/\/www.gangodvaznych.cz\/wp-content\/uploads\/2021\/05\/Netvor_zadni-predsadka-300x231.jpg 300w, https:\/\/www.gangodvaznych.cz\/wp-content\/uploads\/2021\/05\/Netvor_zadni-predsadka-1024x788.jpg 1024w, https:\/\/www.gangodvaznych.cz\/wp-content\/uploads\/2021\/05\/Netvor_zadni-predsadka-768x591.jpg 768w, https:\/\/www.gangodvaznych.cz\/wp-content\/uploads\/2021\/05\/Netvor_zadni-predsadka-1536x1182.jpg 1536w, https:\/\/www.gangodvaznych.cz\/wp-content\/uploads\/2021\/05\/Netvor_zadni-predsadka-2048x1576.jpg 2048w, https:\/\/www.gangodvaznych.cz\/wp-content\/uploads\/2021\/05\/Netvor_zadni-predsadka-850x654.jpg 850w\" sizes=\"auto, (max-width: 613px) 100vw, 613px\" \/><\/p>\n<p>&nbsp;<\/p>\n<p>ANOTACE:<\/p>\n<p class=\"xmsonormal\"><img loading=\"lazy\" decoding=\"async\" class=\" wp-image-2009 alignright\" src=\"http:\/\/www.gangodvaznych.cz\/wp-content\/uploads\/2021\/05\/Pagoda_Asakusa-300x236.jpg\" alt=\"\" width=\"346\" height=\"272\" srcset=\"https:\/\/www.gangodvaznych.cz\/wp-content\/uploads\/2021\/05\/Pagoda_Asakusa-300x236.jpg 300w, https:\/\/www.gangodvaznych.cz\/wp-content\/uploads\/2021\/05\/Pagoda_Asakusa-1024x805.jpg 1024w, https:\/\/www.gangodvaznych.cz\/wp-content\/uploads\/2021\/05\/Pagoda_Asakusa-768x604.jpg 768w, https:\/\/www.gangodvaznych.cz\/wp-content\/uploads\/2021\/05\/Pagoda_Asakusa-850x668.jpg 850w, https:\/\/www.gangodvaznych.cz\/wp-content\/uploads\/2021\/05\/Pagoda_Asakusa.jpg 1243w\" sizes=\"auto, (max-width: 346px) 100vw, 346px\" \/><\/p>\n<p class=\"xmsonormal\">\u0160estice Gangu odv\u00e1\u017en\u00fdch spolu se \u010dty\u0159mi dosp\u011bl\u00fdmi p\u0159ilet\u00ed za p\u0159\u00e1teli do Tokia. Hodlaj\u00ed str\u00e1vit poklidn\u00fd den v tradi\u010dn\u00ed japonsk\u00e9 zahrad\u011b pobl\u00ed\u017e sv\u011btozn\u00e1m\u00e9ho chr\u00e1mu, na nejvy\u0161\u0161\u00ed v\u011b\u017ei sv\u011bta i v muzeu japonsk\u00fdch stra\u0161idel a d\u00e9mon\u016f. Jen\u017ee zem\u011b se zni\u010dehonic za\u010dne ot\u0159\u00e1sat\u2026 a v\u0161echny pl\u00e1ny se b\u011bhem n\u011bkolika sekund zm\u011bn\u00ed v strastipln\u00e9 \u010dek\u00e1n\u00ed na z\u00e1chranu. P\u0159ijde pomoc v\u010das?<\/p>\n<p>&nbsp;<\/p>\n<p>&nbsp;<\/p>\n<p>&nbsp;<\/p>\n<p>&nbsp;<\/p>\n<p class=\"xmsonormal\">UK\u00c1ZKA:<br \/>\n.<\/p>\n<p>Vyrazili v&nbsp;osv\u011bd\u010den\u00e9m po\u0159ad\u00ed, Hardy jako prvn\u00ed. Ku\u017eelem baterky si sv\u00edtil p\u0159ed sebe, aby neupadl. V klidu zato\u010dil do bo\u010dn\u00ed chodby a vz\u00e1p\u011bt\u00ed polekan\u011b za\u0159val, kdy\u017e tv\u00e1\u0159\u00ed v&nbsp;tv\u00e1\u0159 z\u00edral hroziv\u011b se \u0161kleb\u00edc\u00edmu jednook\u00e9mu mnichovi. Sotva obli\u010dej zmizel, vylet\u011bla z prot\u011bj\u0161\u00ed zdi ohniv\u00e1 koule a \u0159\u00edtila se p\u0159\u00edmo na Hardyho. Nem\u011bl \u010das usko\u010dit zp\u00e1tky za roh, tak\u017ee koule ho dostihla. Pro\u0161la v\u0161ak jeho t\u011blem naprosto ne\u0161kodn\u011b.<\/p>\n<p>\u201eTo jsou teda f\u00f3rky,\u201c brblal st\u00e1le je\u0161t\u011b trochu ot\u0159esen\u00fd.<\/p>\n<p>\u201eCo to bylo? Vid\u011bls n\u011bco?\u201c vyzv\u00eddal Tim, ale konec jeho ot\u00e1zky se zm\u011bnil v&nbsp;jekot, jak se jednook\u00fd mnich a posl\u00e9ze i planouc\u00ed objekt tentokr\u00e1t vrhl na n\u011bj a na Alfu za n\u00edm.<\/p>\n<p>\u201eTaimacu-maru. Oheniv\u00fd d\u00e9mon,\u201c informoval je Hito\u0161i. \u201eNeboj, nep\u00e1l\u00ed.\u201c<\/p>\n<p>\u201eA tam\u2026 v&nbsp;rohu? Dal\u0161\u00ed mnich. Ale\u2026 nem\u011bl\u2026 nem\u011bl obli\u010dej,\u201c blekotala Alfa.<\/p>\n<p>\u201eTo asi b\u00fdt Noppera-b\u00f3, munich bez tv\u00e1r\u017ee,\u201c prozradil Hito\u0161i \u0161eptem.<\/p>\n<p>\u201eJ\u00e1 se boj\u00edm,\u201c v\u0159\u00edskla Alfa.<img loading=\"lazy\" decoding=\"async\" class=\" wp-image-2010 alignright\" src=\"http:\/\/www.gangodvaznych.cz\/wp-content\/uploads\/2021\/05\/Demoni-300x300.jpg\" alt=\"\" width=\"340\" height=\"340\" srcset=\"https:\/\/www.gangodvaznych.cz\/wp-content\/uploads\/2021\/05\/Demoni-300x300.jpg 300w, https:\/\/www.gangodvaznych.cz\/wp-content\/uploads\/2021\/05\/Demoni-1024x1022.jpg 1024w, https:\/\/www.gangodvaznych.cz\/wp-content\/uploads\/2021\/05\/Demoni-150x150.jpg 150w, https:\/\/www.gangodvaznych.cz\/wp-content\/uploads\/2021\/05\/Demoni-768x767.jpg 768w, https:\/\/www.gangodvaznych.cz\/wp-content\/uploads\/2021\/05\/Demoni-850x849.jpg 850w, https:\/\/www.gangodvaznych.cz\/wp-content\/uploads\/2021\/05\/Demoni.jpg 1285w\" sizes=\"auto, (max-width: 340px) 100vw, 340px\" \/><\/p>\n<p>\u201eJ\u00e1 ne,\u201c kasal se Tim. \u201eChci vid\u011bt vodn\u00edka. Kappu.\u201c<\/p>\n<p>Opatrn\u011b postupovali d\u00e1l. Prostor pro\u0161pikovan\u00fd reproduktory na n\u011b \u00fato\u010dil nejr\u016fzn\u011bj\u0161\u00edmi zvuky. Zneklid\u0148uj\u00edc\u00ed \u0161ramot, zlov\u011bstn\u00e9 \u0161ept\u00e1n\u00ed neviditeln\u00fdch rt\u016f. A do toho n\u00e1hl\u00fd rambajs plechov\u00e9ho bur\u00e1cen\u00ed. Pak zase vzd\u00e1len\u00e9 kv\u00edlen\u00ed, kter\u00e9 zvolna p\u0159ech\u00e1zelo v&nbsp;d\u011bsiv\u00fd chechot.<\/p>\n<p>\u201e\u00c1\u00e1\u00e1\u00e1!\u201c zapi\u0161t\u011bla znovu Alfa. \u201eN\u011bco na m\u011b s\u00e1hlo. N\u011bco\u2026 mokr\u00fdho a studen\u00fdho. Brrr!\u201c<\/p>\n<p>\u201eZebe? Tak to Sn\u011b\u017en\u00e1 \u017eena Juki-onna. Ale i voda, tak to Nure-onna, Mokr\u00e1 \u017eena,\u201c usoudil Hito\u0161i. \u201eZjevuje se i jako hada s&nbsp;tv\u00e1r\u017e\u00ed \u010drov\u011bka.\u201c<\/p>\n<p>\u201eMokr\u00e1 \u017eena? A nemohl to b\u00fdt vodn\u00edk? Kdy u\u017e bude vodn\u00edk Kappa?\u201c do\u017eadoval se Tim.<\/p>\n<p>\u201eKappa je d\u00e1l.\u201c<\/p>\n<p>Trasa vedla chodbou plnou z\u00e1krut a z\u00e1kout\u00ed, z&nbsp;nich\u017e na n\u011b ka\u017edou chv\u00edli n\u011bco vybaflo. Jindy byly v\u00fdklenky tich\u00e9 a pr\u00e1zdn\u00e9, co\u017e je zneklid\u0148ovalo snad je\u0161t\u011b v\u00edc. Tu a tam se chodba roz\u0161i\u0159ovala do v\u011bt\u0161\u00edch m\u00edstnost\u00ed, n\u011bkdy museli sestoupit i po schodech vedouc\u00edch do podzem\u00ed.<\/p>\n<p>\u201eV\u00e1\u017en\u011b tu nem\u016f\u017eeme zabloudit?\u201c strachovala se Alfa.<\/p>\n<p>\u201eNeboj. Cesta se st\u00e1\u010d\u00ed do kruhu. Mysl\u00edm, \u017ee vyjdeme tam, odkud jsme vy\u0161li,\u201c uklid\u0148ovala ji Mariana, jej\u00ed\u017e orienta\u010dn\u00ed schopnosti vydaly za spolehlivou d\u017e\u00edp\u00edesku.<\/p>\n<p>\u201eJen aby,\u201c vzdychla Alfa, kter\u00e1 v&nbsp;kimonu a nov\u00fdch d\u0159ev\u00e1c\u00edch u\u017e p\u011bknou chv\u00edli litovala, \u017ee si p\u0159ece jen nevzala svoje pohodln\u00e9 boty.<\/p>\n<p>Mariana se prot\u00e1hla v&nbsp;z\u00e1dech, a jak zaklonila hlavu, na okam\u017eik \u00fapln\u011b zkamen\u011bla, a\u017e do n\u00ed Jon\u00e1\u0161 zezadu vrazil.<\/p>\n<p>\u201ePro\u010d zastavuje\u0161?\u201c<\/p>\n<p>Ml\u010dky zvedla ruku a z\u00e1dy se bezd\u011b\u010dn\u011b p\u0159itiskla k&nbsp;Jon\u00e1\u0161ovi, kter\u00fd te\u010f sledoval jej\u00ed pohled.<\/p>\n<p>\u201eTo je ale p\u011bkn\u00e1 potv\u016frka,\u201c vydechl a s&nbsp;nep\u0159edst\u00edran\u00fdm zaujet\u00edm pozoroval, jak se na n\u011b ze stropu sn\u00e1\u0161\u00ed pavouk v\u011bt\u0161\u00ed ne\u017e lidsk\u00e1 hlava, kter\u00fd vypadal a h\u00fdbal se jako \u017eiv\u00fd.<\/p>\n<p>Mariana ch\u00e1pala, \u017ee jde o atrapu, ale pr\u00e1v\u011b proto, \u017ee pavouk p\u016fsobil tak realisticky, polekal ji v\u00edc ne\u017e ohniv\u00fd p\u0159\u00edzrak.<\/p>\n<p>\u201eTohle je taky m\u00edstn\u00ed stra\u0161idlo?\u201c zeptal se Jon\u00e1\u0161 Hito\u0161iho a uk\u00e1zal na pavouka.<\/p>\n<p>\u201eTaky d\u00e9mon. R\u017e\u00edk\u00e1me Cu\u0161igumo.\u201c<\/p>\n<p>\u201eDo pytle!\u201c zanad\u00e1val vp\u0159edu Hardy, jak mu baterka vypadla z&nbsp;ruky. \u201eZakopl jsem o krk n\u011bjak\u00fd \u017eensk\u00fd! Hlavu m\u00e1 v&nbsp;jedn\u00fd m\u00edstnosti a t\u011blo v&nbsp;druh\u00fd. A ten krk le\u017e\u00ed p\u0159es chodbu jako hadice.\u201c<\/p>\n<p>\u201eMo\u017eun\u00e1 uvid\u011bl Rokuro-kubi,\u201c za\u0161eptal Hito\u0161i. \u201e\u017denu s&nbsp;natahovac\u00edm kurukem.\u201c<\/p>\n<p>Krkem, pochopila Alfa a bezd\u011b\u010dn\u011b se chytla za hrdlo.<\/p>\n<p>\u201eJdeme za tebou!\u201c<\/p>\n<p>Hardyho na\u0161li kle\u010d\u00edc\u00edho, jak hled\u00e1 zakut\u00e1lenou sv\u00edtilnu. Mariana se mu sna\u017eila posv\u00edtit. V&nbsp;tu chv\u00edli uc\u00edtila \u0161\u00e1trav\u00fd dotek.<\/p>\n<p>\u201eN\u011bco se o m\u011b ot\u0159elo!\u201c vyjekla.<\/p>\n<p>\u201eO m\u011b taky!\u201c p\u0159idala se Alfa.<\/p>\n<p>\u201eJ\u00e1 to nebyl,\u201c du\u0161oval se Jon\u00e1\u0161 pobaven\u011b.<\/p>\n<p>\u201eJe to drouho, nepamatuju tady. Napad\u00e1 m\u011b mo\u017eun\u00e1 Vlasov\u00fd d\u00e9mon Kami-oni.\u201c<\/p>\n<p>\u201eKami-oni?\u201c zachv\u011bla se Mariana.<\/p>\n<p>P\u0159edstava, \u017ee Vlasov\u00fd d\u00e9mon s\u00e1hl pr\u00e1v\u011b na ni, jej\u00ed\u017e vlasy jsou prvn\u00ed, \u010d\u00edm na sebe lidi upozorn\u00ed, j\u00ed nebyla ani trochu po chuti.<\/p>\n<p>Hardy kone\u010dn\u011b nahmatal baterku, znovu ji zapnul a ku\u017eelem sv\u011btla p\u0159ejel po skupince p\u0159\u00e1tel.\u201eKde je Tim?\u201c zarazil se.<\/p>\n<p>&nbsp;<\/p>\n<div class=\"entry-content\">\n<p><img loading=\"lazy\" decoding=\"async\" class=\"size-medium wp-image-2024 alignleft\" src=\"http:\/\/www.gangodvaznych.cz\/wp-content\/uploads\/2021\/05\/Zasady_preziti_zemetreseni-198x300.jpg\" alt=\"\" width=\"198\" height=\"300\" srcset=\"https:\/\/www.gangodvaznych.cz\/wp-content\/uploads\/2021\/05\/Zasady_preziti_zemetreseni-198x300.jpg 198w, https:\/\/www.gangodvaznych.cz\/wp-content\/uploads\/2021\/05\/Zasady_preziti_zemetreseni-675x1024.jpg 675w, https:\/\/www.gangodvaznych.cz\/wp-content\/uploads\/2021\/05\/Zasady_preziti_zemetreseni-768x1165.jpg 768w, https:\/\/www.gangodvaznych.cz\/wp-content\/uploads\/2021\/05\/Zasady_preziti_zemetreseni-1013x1536.jpg 1013w, https:\/\/www.gangodvaznych.cz\/wp-content\/uploads\/2021\/05\/Zasady_preziti_zemetreseni-300x455.jpg 300w, https:\/\/www.gangodvaznych.cz\/wp-content\/uploads\/2021\/05\/Zasady_preziti_zemetreseni-850x1289.jpg 850w, https:\/\/www.gangodvaznych.cz\/wp-content\/uploads\/2021\/05\/Zasady_preziti_zemetreseni.jpg 1142w\" sizes=\"auto, (max-width: 198px) 100vw, 198px\" \/>Z\u00c1SADY P\u0158E\u017dIT\u00cd P\u0158I ZEM\u011aT\u0158ESEN\u00cd<\/p>\n<p>Zem\u011bt\u0159esen\u00ed na na\u0161em \u00fazem\u00ed b\u00fdvaj\u00ed tak mal\u00e1, \u017ee je v\u011bt\u0161inou ani nepost\u0159ehneme. Ale v Japonsku jsou na denn\u00edm po\u0159\u00e1dku, tak\u017ee jak se p\u0159i n\u011bm chovat se tam u\u010d\u00ed u\u017e d\u011bti v mate\u0159sk\u00e9 \u0161kole. Prostudujte si z\u00e1sady p\u0159e\u017eit\u00ed v z\u00e1v\u011bru knihy. Jen tak pro jistotu\u2026 Ale p\u0159ed cestou do seizmicky aktivn\u00edch m\u00edst docela ur\u010dit\u011b!<\/p>\n<\/div>\n<p>&nbsp;<\/p>\n<p>&nbsp;<\/p>\n<p>&nbsp;<\/p>\n<p>\u010cTEN\u00c1\u0158SK\u00c1 RECENZE:<\/p>\n<p>Neskute\u010dn\u011b nap\u00ednav\u00e1 a dobrodru\u017en\u00e1 edice s n\u00e1zvem GANG ODV\u00c1\u017dN\u00ddCH zav\u00e1d\u00ed \u010dten\u00e1\u0159e na r\u016fzn\u00e1 m\u00edsta na sv\u011bt\u011b, kde d\u011bti obdivuj\u00ed mo\u0159e, d\u017eungli, pou\u0161\u0165, ale klidn\u011b i na\u0161e Krkono\u0161e. Ze za\u010d\u00e1tku je to v\u017edycky dobrodru\u017estv\u00ed a z\u00e1bava, kter\u00e9 se zvrtnou doslova v boj o hol\u00fd \u017eivot. Je v tom shoda okolnost\u00ed, n\u00e1hod, podcen\u011bn\u00ed situace, zr\u00e1dnost po\u010das\u00ed, nep\u0159ipravenost\u2026 zkr\u00e1tka to, co se ob\u010das b\u011b\u017en\u011b stalo-st\u00e1v\u00e1-stane komukoliv z n\u00e1s.<br \/>\nNejnov\u011bj\u0161\u00ed d\u00edl s n\u00e1zvem NETVOR T\u0158ESE ZEM\u00cd se tentokr\u00e1t odehr\u00e1v\u00e1 a\u017e ve vzd\u00e1len\u00e9m Japonsku. Zn\u00e1m\u00e1 \u0161estka d\u011bt\u00ed a teenager\u016f let\u00ed s dosp\u011bl\u00fdmi do hlavn\u00edho a z\u00e1rove\u0148 nejv\u011bt\u0161\u00edho japonsk\u00e9ho m\u011bsta Tokia za kamar\u00e1dy. V pl\u00e1nu maj\u00ed poznat nejen japonskou kulturu, tak vzd\u00e1lenou t\u00e9 na\u0161\u00ed, ale tak\u00e9 zaj\u00edmav\u00e1 m\u00edsta. Samoz\u0159ejm\u011b jsou uneseni v\u0161\u00edm, co se kolem nich odehr\u00e1v\u00e1, v\u017edy\u0165 nejv\u011bt\u0161\u00ed metropole na sv\u011bt\u011b sk\u00fdt\u00e1 takov\u00e9 mo\u017enosti, o kter\u00fdch si na\u0161inec m\u016f\u017ee leda tak nechat zd\u00e1t. P\u016fvodn\u00ed kultura, historick\u00e9 chr\u00e1my, pagody a tradi\u010dn\u00ed ob\u0159ady se tu m\u00eds\u00ed s ultramodern\u00ed v\u00fdstavbou s nezadr\u017eiteln\u00fdm high-tech v\u00fdvojem.<br \/>\nJen\u017ee sta\u010d\u00ed p\u00e1r okam\u017eik\u016f a zem\u011bt\u0159esen\u00ed obr\u00e1t\u00ed v\u0161e vzh\u016fru nohama. Jak to dopadne, to si ka\u017ed\u00fd \u010dten\u00e1\u0159 p\u0159e\u010dte, ale budou to p\u011bkn\u011b pern\u00e9 okam\u017eiky. Marianna, Jon\u00e1\u0161, Tim, Hardy a dvoj\u010data Alfa a Beta si s\u00e1hnou na dno.<br \/>\nNechyb\u00ed slovn\u00ed\u010dek japonsk\u00fdch v\u00fdraz\u016f, d\u011bti se tak dozv\u00ed, jak se \u0159ekne japonsky zem\u011bt\u0159esen\u00ed, d\u00e9moni nebo maminka. A tak\u00e9 co znamen\u00e1 hanafubuki nebo konni\u010diwa.<br \/>\nI kdy\u017e na\u0161e republika nele\u017e\u00ed v seizmicky aktivn\u00ed \u010d\u00e1sti sv\u011bta, neznamen\u00e1, \u017ee se n\u00e1m informace o z\u00e1sad\u00e1ch p\u0159e\u017eit\u00ed p\u0159i zem\u011bt\u0159esen\u00ed nebudou hodit, proto\u017ee pr\u00e1zdniny jsou za dve\u0159mi a seizmicky aktivn\u00ed je tak\u00e9 St\u0159edomo\u0159\u00ed nebo indon\u00e9sk\u00e9 ostrovy. V sedmadvaceti bodech se dov\u00edte, jak se p\u0159i zem\u011bt\u0159esen\u00ed zachovat, kde se ukr\u00fdt, \u010d\u00edm se nejl\u00e9pe ochr\u00e1nit, jak p\u0159ivolat pomoc atd.<br \/>\nV\u00edce najdete na www.gangodvaznych.cz<br \/>\nKnihy z edice GANG ODV\u00c1\u017dN\u00ddCH m\u00e1 moje nete\u0159 nejrad\u011bji, a tak je tenhle d\u00edl jasn\u00e1 volba za kr\u00e1sn\u00e9 vysv\u011bd\u010den\u00ed.<\/p>\n<p>Lucie Cooper 28.6. 2021<br \/>\n<a href=\"https:\/\/www.kosmas.cz\/knihy\/289203\/netvor-trese-zemi\/\">https:\/\/www.kosmas.cz\/knihy\/289203\/netvor-trese-zemi\/<\/a><\/p>\n<h4>Zem\u011bt\u0159esen\u00ed na vlastn\u00ed k\u016f\u017ei&nbsp;<span class=\"normal-weight\">(Lucie B.&nbsp;, 28.6.2021)<\/span><\/h4>\n<div class=\"comment-box\">\n<div class=\"rating\">\n<div class=\"r-avg\" title=\"v\u0159ele doporu\u010duji (*****)\">v\u0159ele doporu\u010duji (*****)<\/div>\n<\/div>\n<div>Edice GANG ODV\u00c1\u017dN\u00ddCH p\u0159in\u00e1\u0161\u00ed nov\u00fd d\u00edl NETVOR T\u0158ESE ZEM\u00cd. Pozor! Zem\u011bt\u0159esen\u00ed nen\u00ed radno podce\u0144ovat, i kdy\u017e se p\u0159\u00edb\u011bh odehr\u00e1v\u00e1 a\u017e v dalek\u00e9m Japonsku. Budete si nap\u011bt\u00edm kousat nehty, proto\u017ee tady kon\u010d\u00ed legrace. Na\u0161e parti\u010dka se dostane do p\u011bkn\u011b sv\u00edzeln\u00e9 situace\u2026 Velice obl\u00edben\u00e9 \u010dten\u00ed na\u0161ich d\u011bt\u00ed, DOPORU\u010cUJI.<\/div>\n<\/div>\n<div>&nbsp;<\/div>\n<div><a href=\"https:\/\/www.knizniklub.cz\/knihy\/540678-netvor-trese-zemi.html?show=komentare#additional-info--content--komentare\">https:\/\/www.knizniklub.cz\/knihy\/540678-netvor-trese-zemi.html?show=komentare#additional-info\u2013content\u2013komentare<\/a><\/div>\n<div>&nbsp;<\/div>\n<div>&nbsp;<\/div>\n<div><a href=\"https:\/\/www.knihydobrovsky.cz\/kniha\/netvor-trese-zemi-332651199?userAction=login\">https:\/\/www.knihydobrovsky.cz\/kniha\/netvor-trese-zemi-332651199?userAction=login<\/a><\/div>\n","protected":false},"excerpt":{"rendered":"<p>P\u00e1t\u00e1 kniha ze s\u00e9rie GO! a prvn\u00ed z \u0159ady \u017dIVLY. \u0160est kamar\u00e1d\u016f z Gangu odv\u00e1\u017en\u00fdch m\u00ed\u0159\u00ed do Japonska. Atraktivn\u00ed v\u00fdlet v\u0161ak naru\u0161\u00ed zem\u011bt\u0159esen\u00ed, p\u0159i kter\u00e9m jde v\u0161em o \u017eivot. Rok vyd\u00e1n\u00ed: 2021 Naps\u00e1no: 2020 Stran:&nbsp;119 \u017d\u00e1nr:&nbsp;dobrodru\u017en\u00e9 p\u0159\u00edb\u011bhy Ilustr\u00e1tor:&nbsp;Maty\u00e1\u0161 Namai Nakladatel:&nbsp;Albatros N\u00e1klad: \/ ISBN&nbsp;978-80-00-06172-6 Pozn\u00e1mka 1: Kniha ze s\u00e9rie&nbsp;GO!&nbsp;(Gang odv\u00e1\u017en\u00fdch). Dal\u0161\u00ed d\u00edly:&nbsp;Ztraceni ve vln\u00e1ch,&nbsp;Nevinn\u00e1 lavina,&nbsp;Ve sp\u00e1rech&#8230;<\/p>\n","protected":false},"author":1,"featured_media":0,"parent":0,"menu_order":0,"comment_status":"closed","ping_status":"closed","template":"","meta":{"ngg_post_thumbnail":0,"footnotes":""},"class_list":["post-2019","page","type-page","status-publish","hentry"],"_links":{"self":[{"href":"https:\/\/www.gangodvaznych.cz\/index.php\/wp-json\/wp\/v2\/pages\/2019","targetHints":{"allow":["GET"]}}],"collection":[{"href":"https:\/\/www.gangodvaznych.cz\/index.php\/wp-json\/wp\/v2\/pages"}],"about":[{"href":"https:\/\/www.gangodvaznych.cz\/index.php\/wp-json\/wp\/v2\/types\/page"}],"author":[{"embeddable":true,"href":"https:\/\/www.gangodvaznych.cz\/index.php\/wp-json\/wp\/v2\/users\/1"}],"replies":[{"embeddable":true,"href":"https:\/\/www.gangodvaznych.cz\/index.php\/wp-json\/wp\/v2\/comments?post=2019"}],"version-history":[{"count":5,"href":"https:\/\/www.gangodvaznych.cz\/index.php\/wp-json\/wp\/v2\/pages\/2019\/revisions"}],"predecessor-version":[{"id":2532,"href":"https:\/\/www.gangodvaznych.cz\/index.php\/wp-json\/wp\/v2\/pages\/2019\/revisions\/2532"}],"wp:attachment":[{"href":"https:\/\/www.gangodvaznych.cz\/index.php\/wp-json\/wp\/v2\/media?parent=2019"}],"curies":[{"name":"wp","href":"https:\/\/api.w.org\/{rel}","templated":true}]}}