{"id":2211,"date":"2021-05-14T15:19:09","date_gmt":"2021-05-14T15:19:09","guid":{"rendered":"https:\/\/www.gangodvaznych.cz\/?page_id=2211"},"modified":"2023-04-15T16:25:37","modified_gmt":"2023-04-15T16:25:37","slug":"matyas-namai-2","status":"publish","type":"page","link":"https:\/\/www.gangodvaznych.cz\/index.php\/matyas-namai-2\/","title":{"rendered":"Maty\u00e1\u0161 Namai"},"content":{"rendered":"<p><strong>ILUSTR\u00c1TOR<\/strong><\/p>\n<p style=\"text-align: center;\"><span style=\"color: #ff0000;\"><strong><a style=\"color: #ff0000;\" href=\"https:\/\/www.matyasnamai.com\/\">https:\/\/www.matyasnamai.com\/<\/a><\/strong><\/span><\/p>\n<p>&nbsp;<\/p>\n<div class=\"entry-content\">\n<p><img loading=\"lazy\" decoding=\"async\" class=\" wp-image-786 alignleft\" src=\"http:\/\/www.gangodvaznych.cz\/wp-content\/uploads\/2019\/04\/Maty%C3%A1%C5%A1_foto-200x300.jpg\" sizes=\"auto, (max-width: 124px) 100vw, 124px\" srcset=\"https:\/\/www.gangodvaznych.cz\/wp-content\/uploads\/2019\/04\/Maty\u00e1\u0161_foto-200x300.jpg 200w, https:\/\/www.gangodvaznych.cz\/wp-content\/uploads\/2019\/04\/Maty\u00e1\u0161_foto-300x450.jpg 300w, https:\/\/www.gangodvaznych.cz\/wp-content\/uploads\/2019\/04\/Maty\u00e1\u0161_foto.jpg 400w\" alt=\"\" width=\"124\" height=\"186\">Narozen 1993 v Praze<\/p>\n<p>Vizion\u00e1\u0159. Arbiter elegantiarum.&nbsp;Sv\u00e1te\u010dn\u00ed nihilista.&nbsp;Fotosynt\u00e9za. Tento mlad\u00fd v\u00fdtvarn\u00edk zn\u00e1 mnoho slov. Absolvovan\u00e1 st\u0159edn\u00ed grafick\u00e1 \u0161kola a kopa pokreslen\u00fdch se\u0161it\u016f na matematiku udalo t\u00e9to existenci kari\u00e9ru tabletov\u00e9ho otroka,&nbsp;kresl\u00ed\u0159e a grafika, kter\u00fd sv\u00e1d\u00ed sisyfovsk\u00fd boj na pracovn\u00edm trhu. Je hrd\u00fdm autorem t\u0159\u00ed vtip\u016f, kter\u00e9 ned\u00e1vaj\u00ed \u017e\u00e1dn\u00fd smysl a kter\u00e9 ji\u017e \u00fasp\u011b\u0161n\u011b zapomn\u011bl.<\/p>\n<p>&nbsp;<\/p>\n<p>Uk\u00e1zky pr\u00e1ce:<\/p>\n<p><img loading=\"lazy\" decoding=\"async\" class=\"alignnone wp-image-787\" src=\"http:\/\/www.gangodvaznych.cz\/wp-content\/uploads\/2019\/04\/ABC_Maty%C3%A1%C5%A1-230x300.jpg\" sizes=\"auto, (max-width: 512px) 100vw, 512px\" srcset=\"https:\/\/www.gangodvaznych.cz\/wp-content\/uploads\/2019\/04\/ABC_Maty\u00e1\u0161-230x300.jpg 230w, https:\/\/www.gangodvaznych.cz\/wp-content\/uploads\/2019\/04\/ABC_Maty\u00e1\u0161-300x391.jpg 300w, https:\/\/www.gangodvaznych.cz\/wp-content\/uploads\/2019\/04\/ABC_Maty\u00e1\u0161.jpg 766w\" alt=\"\" width=\"705\" height=\"919\"><\/p>\n<p>&nbsp;<\/p>\n<p>Spolupracoval na komiksov\u00fdch knih\u00e1ch:<\/p>\n<p><em>Karel IV. P\u00e1n sv\u011bta<\/em>. Text Zden\u011bk Le\u017e\u00e1k. Ilustrace Jon\u00e1\u0161 Ledeck\u00fd, Maty\u00e1\u0161 Namai, Martin Posp\u00ed\u0161il. Nakladatelstv\u00ed Edika (AlbatrosMedia) 2016.<\/p>\n<p><em>Malovan\u00e9 d\u011bjiny Evropy<\/em>. Text Ond\u0159ej M\u00fcller, V\u00edt Ha\u0161kovec. Ilustrace: Vojt\u011bch Doml\u00e1til, Bohumil Fencl, Barbora Ky\u0161kov\u00e1, Johana Hrab\u00edkov\u00e1 Vojn\u00e1rov\u00e1, Maty\u00e1\u0161 Namai (strany 122 \u2013 169), Zuzana V\u00edzkov\u00e1. Ob\u00e1lka Jind\u0159ich Kova\u0159\u00edk. Albatros 2018.<\/p>\n<p><em>Kapsy. Podle pov\u00eddek Karla \u010capka<\/em>. Jon\u00e1\u0161 Ledeck\u00fd, Maty\u00e1\u0161 Namai, Stan Solo, Petr Stran\u00edk, Martin Posp\u00ed\u0161il. Kni\u017en\u00ed klub 2018.<\/p>\n<p>&nbsp;<\/p>\n<p><img loading=\"lazy\" decoding=\"async\" class=\"alignnone wp-image-788\" src=\"http:\/\/www.gangodvaznych.cz\/wp-content\/uploads\/2019\/04\/Karel-IV.jpg\" alt=\"\" width=\"201\" height=\"287\"><img loading=\"lazy\" decoding=\"async\" class=\"alignnone size-full wp-image-790\" src=\"http:\/\/www.gangodvaznych.cz\/wp-content\/uploads\/2019\/04\/Malovan%C3%A9-d%C4%9Bjiny-Evropy.jpg\" alt=\"\" width=\"200\" height=\"287\"><img loading=\"lazy\" decoding=\"async\" class=\"alignnone wp-image-789\" src=\"http:\/\/www.gangodvaznych.cz\/wp-content\/uploads\/2019\/04\/Kapsy-197x300.jpg\" sizes=\"auto, (max-width: 187px) 100vw, 187px\" srcset=\"https:\/\/www.gangodvaznych.cz\/wp-content\/uploads\/2019\/04\/Kapsy-197x300.jpg 197w, https:\/\/www.gangodvaznych.cz\/wp-content\/uploads\/2019\/04\/Kapsy-300x457.jpg 300w, https:\/\/www.gangodvaznych.cz\/wp-content\/uploads\/2019\/04\/Kapsy.jpg 600w\" alt=\"\" width=\"187\" height=\"285\"><\/p>\n<\/div>\n","protected":false},"excerpt":{"rendered":"<p>ILUSTR\u00c1TOR https:\/\/www.matyasnamai.com\/ &nbsp; Narozen 1993 v Praze Vizion\u00e1\u0159. Arbiter elegantiarum.&nbsp;Sv\u00e1te\u010dn\u00ed nihilista.&nbsp;Fotosynt\u00e9za. Tento mlad\u00fd v\u00fdtvarn\u00edk zn\u00e1 mnoho slov. Absolvovan\u00e1 st\u0159edn\u00ed grafick\u00e1 \u0161kola a kopa pokreslen\u00fdch se\u0161it\u016f na matematiku udalo t\u00e9to existenci kari\u00e9ru tabletov\u00e9ho otroka,&nbsp;kresl\u00ed\u0159e a grafika, kter\u00fd sv\u00e1d\u00ed sisyfovsk\u00fd boj na pracovn\u00edm trhu. Je hrd\u00fdm autorem t\u0159\u00ed vtip\u016f, kter\u00e9 ned\u00e1vaj\u00ed \u017e\u00e1dn\u00fd smysl a kter\u00e9 ji\u017e \u00fasp\u011b\u0161n\u011b&#8230;<\/p>\n","protected":false},"author":1,"featured_media":0,"parent":0,"menu_order":0,"comment_status":"closed","ping_status":"closed","template":"","meta":{"ngg_post_thumbnail":0,"footnotes":""},"class_list":["post-2211","page","type-page","status-publish","hentry"],"_links":{"self":[{"href":"https:\/\/www.gangodvaznych.cz\/index.php\/wp-json\/wp\/v2\/pages\/2211","targetHints":{"allow":["GET"]}}],"collection":[{"href":"https:\/\/www.gangodvaznych.cz\/index.php\/wp-json\/wp\/v2\/pages"}],"about":[{"href":"https:\/\/www.gangodvaznych.cz\/index.php\/wp-json\/wp\/v2\/types\/page"}],"author":[{"embeddable":true,"href":"https:\/\/www.gangodvaznych.cz\/index.php\/wp-json\/wp\/v2\/users\/1"}],"replies":[{"embeddable":true,"href":"https:\/\/www.gangodvaznych.cz\/index.php\/wp-json\/wp\/v2\/comments?post=2211"}],"version-history":[{"count":5,"href":"https:\/\/www.gangodvaznych.cz\/index.php\/wp-json\/wp\/v2\/pages\/2211\/revisions"}],"predecessor-version":[{"id":3400,"href":"https:\/\/www.gangodvaznych.cz\/index.php\/wp-json\/wp\/v2\/pages\/2211\/revisions\/3400"}],"wp:attachment":[{"href":"https:\/\/www.gangodvaznych.cz\/index.php\/wp-json\/wp\/v2\/media?parent=2211"}],"curies":[{"name":"wp","href":"https:\/\/api.w.org\/{rel}","templated":true}]}}

Matyáš Namai

<p><strong>ILUSTRÁTOR</strong></p>
<p style="text-align: center;"><span style="color: #ff0000;"><strong><a style="color: #ff0000;" href="https://www.matyasnamai.com/">https://www.matyasnamai.com/</a></strong></span></p>
<p>&nbsp;</p>
<div class="entry-content">
<p><img loading="lazy" decoding="async" class=" wp-image-786 alignleft" src="http://www.gangodvaznych.cz/wp-content/uploads/2019/04/Maty%C3%A1%C5%A1_foto-200x300.jpg" sizes="auto, (max-width: 124px) 100vw, 124px" srcset="https://www.gangodvaznych.cz/wp-content/uploads/2019/04/Matyáš_foto-200x300.jpg 200w, https://www.gangodvaznych.cz/wp-content/uploads/2019/04/Matyáš_foto-300x450.jpg 300w, https://www.gangodvaznych.cz/wp-content/uploads/2019/04/Matyáš_foto.jpg 400w" alt="" width="124" height="186">Narozen 1993 v Praze</p>
<p>Vizionář. Arbiter elegantiarum.&nbsp;Sváteční nihilista.&nbsp;Fotosyntéza. Tento mladý výtvarník zná mnoho slov. Absolvovaná střední grafická škola a kopa pokreslených sešitů na matematiku udalo této existenci kariéru tabletového otroka,&nbsp;kreslíře a grafika, který svádí sisyfovský boj na pracovním trhu. Je hrdým autorem tří vtipů, které nedávají žádný smysl a které již úspěšně zapomněl.</p>
<p>&nbsp;</p>
<p>Ukázky práce:</p>
<p><img loading="lazy" decoding="async" class="alignnone wp-image-787" src="http://www.gangodvaznych.cz/wp-content/uploads/2019/04/ABC_Maty%C3%A1%C5%A1-230x300.jpg" sizes="auto, (max-width: 512px) 100vw, 512px" srcset="https://www.gangodvaznych.cz/wp-content/uploads/2019/04/ABC_Matyáš-230x300.jpg 230w, https://www.gangodvaznych.cz/wp-content/uploads/2019/04/ABC_Matyáš-300x391.jpg 300w, https://www.gangodvaznych.cz/wp-content/uploads/2019/04/ABC_Matyáš.jpg 766w" alt="" width="705" height="919"></p>
<p>&nbsp;</p>
<p>Spolupracoval na komiksových knihách:</p>
<p><em>Karel IV. Pán světa</em>. Text Zdeněk Ležák. Ilustrace Jonáš Ledecký, Matyáš Namai, Martin Pospíšil. Nakladatelství Edika (AlbatrosMedia) 2016.</p>
<p><em>Malované dějiny Evropy</em>. Text Ondřej Müller, Vít Haškovec. Ilustrace: Vojtěch Domlátil, Bohumil Fencl, Barbora Kyšková, Johana Hrabíková Vojnárová, Matyáš Namai (strany 122 – 169), Zuzana Vízková. Obálka Jindřich Kovařík. Albatros 2018.</p>
<p><em>Kapsy. Podle povídek Karla Čapka</em>. Jonáš Ledecký, Matyáš Namai, Stan Solo, Petr Straník, Martin Pospíšil. Knižní klub 2018.</p>
<p>&nbsp;</p>
<p><img loading="lazy" decoding="async" class="alignnone wp-image-788" src="http://www.gangodvaznych.cz/wp-content/uploads/2019/04/Karel-IV.jpg" alt="" width="201" height="287"><img loading="lazy" decoding="async" class="alignnone size-full wp-image-790" src="http://www.gangodvaznych.cz/wp-content/uploads/2019/04/Malovan%C3%A9-d%C4%9Bjiny-Evropy.jpg" alt="" width="200" height="287"><img loading="lazy" decoding="async" class="alignnone wp-image-789" src="http://www.gangodvaznych.cz/wp-content/uploads/2019/04/Kapsy-197x300.jpg" sizes="auto, (max-width: 187px) 100vw, 187px" srcset="https://www.gangodvaznych.cz/wp-content/uploads/2019/04/Kapsy-197x300.jpg 197w, https://www.gangodvaznych.cz/wp-content/uploads/2019/04/Kapsy-300x457.jpg 300w, https://www.gangodvaznych.cz/wp-content/uploads/2019/04/Kapsy.jpg 600w" alt="" width="187" height="285"></p>
</div>

<p>ILUSTRÁTOR https://www.matyasnamai.com/ &nbsp; Narozen 1993 v Praze Vizionář. Arbiter elegantiarum.&nbsp;Sváteční nihilista.&nbsp;Fotosyntéza. Tento mladý výtvarník zná mnoho slov. Absolvovaná střední grafická škola a kopa pokreslených sešitů na matematiku udalo této existenci kariéru tabletového otroka,&nbsp;kreslíře a grafika, který svádí sisyfovský boj na pracovním trhu. Je hrdým autorem tří vtipů, které nedávají žádný smysl a které již úspěšně&#8230;</p>
