{"id":3193,"date":"2022-11-18T21:24:22","date_gmt":"2022-11-18T21:24:22","guid":{"rendered":"https:\/\/www.gangodvaznych.cz\/?page_id=3193"},"modified":"2025-03-21T10:53:18","modified_gmt":"2025-03-21T10:53:18","slug":"beletrie-jinych-autoru-tornado","status":"publish","type":"page","link":"https:\/\/www.gangodvaznych.cz\/index.php\/beletrie-jinych-autoru-tornado\/","title":{"rendered":"Beletrie jin\u00fdch autor\u016f &#8211; TORN\u00c1DO"},"content":{"rendered":"<p>&nbsp;<\/p>\n<p><img loading=\"lazy\" decoding=\"async\" class=\"wp-image-3265 alignleft\" src=\"http:\/\/www.gangodvaznych.cz\/wp-content\/uploads\/2022\/12\/Oko-tornada-189x300.jpg\" alt=\"\" width=\"250\" height=\"397\" srcset=\"https:\/\/www.gangodvaznych.cz\/wp-content\/uploads\/2022\/12\/Oko-tornada-189x300.jpg 189w, https:\/\/www.gangodvaznych.cz\/wp-content\/uploads\/2022\/12\/Oko-tornada-300x477.jpg 300w, https:\/\/www.gangodvaznych.cz\/wp-content\/uploads\/2022\/12\/Oko-tornada.jpg 504w\" sizes=\"auto, (max-width: 250px) 100vw, 250px\" \/>Blanchardov\u00e1, Alice. <em>Oko torn\u00e1da<\/em>. Kni\u017en\u00ed klub 2005. 380 stran.<\/p>\n<p>Detektivn\u00ed rom\u00e1n se odehr\u00e1v\u00e1 v sezon\u011b torn\u00e1d ve st\u00e1t\u011b Oklahoma a barvit\u011b l\u00ed\u010d\u00ed pr\u016fb\u011bh a d\u016fsledky katastrofick\u00e9ho p\u0159\u00edrodn\u00edho jevu. Charlie Grover, velitel policie v m\u011bste\u010dku Promise, u\u017e za\u017eil ledacos. Jako desetilet\u00fd vysko\u010dil z ho\u0159\u00edc\u00edho domu a jeho t\u011blo dodnes nese stopy pop\u00e1lenin. Milovan\u00e1 man\u017eelka zem\u0159ela, a tak s\u00e1m vychov\u00e1v\u00e1 dosp\u00edvaj\u00edc\u00ed dceru Sophii. Kdy\u017e ale m\u011bste\u010dko zas\u00e1hne torn\u00e1do, kter\u00e9 zabije n\u011bkolik lid\u00ed, Charliemu se na t\u011blech t\u0159\u00ed mrtv\u00fdch n\u011bco nezd\u00e1. Podez\u0159en\u00ed, \u017ee ob\u011bti nezabil p\u0159\u00edrodn\u00ed \u017eivel, se potvrd\u00ed v okam\u017eiku, kdy patolog najde v \u00fastech ka\u017ed\u00e9 ze t\u0159\u00ed mrtvol vsazen\u00fd ciz\u00ed zub. Z\u0159ejm\u011b to nebylo poprv\u00e9, kdy vrah za\u00fato\u010dil b\u011bhem \u0159\u00e1d\u011bn\u00ed v\u011btrn\u00e9ho v\u00edru. Charlie hled\u00e1 pachatele mezi lovci torn\u00e1d a podez\u0159\u00edv\u00e1 i lidi ze sv\u00e9ho okol\u00ed. Jde o \u010das. Vrah je jist\u011b p\u0159ipraven. A dal\u0161\u00ed torn\u00e1do u\u017e se znovu sn\u00e1\u0161\u00ed k zemi\u2026<\/p>\n<p>&nbsp;<\/p>\n<p>&nbsp;<\/p>\n<p><img loading=\"lazy\" decoding=\"async\" class=\"wp-image-3390 alignleft\" src=\"http:\/\/www.gangodvaznych.cz\/wp-content\/uploads\/2023\/04\/V-troskach-tornada-185x300.jpg\" alt=\"\" width=\"250\" height=\"405\" srcset=\"https:\/\/www.gangodvaznych.cz\/wp-content\/uploads\/2023\/04\/V-troskach-tornada-185x300.jpg 185w, https:\/\/www.gangodvaznych.cz\/wp-content\/uploads\/2023\/04\/V-troskach-tornada-631x1024.jpg 631w, https:\/\/www.gangodvaznych.cz\/wp-content\/uploads\/2023\/04\/V-troskach-tornada-768x1246.jpg 768w, https:\/\/www.gangodvaznych.cz\/wp-content\/uploads\/2023\/04\/V-troskach-tornada-947x1536.jpg 947w, https:\/\/www.gangodvaznych.cz\/wp-content\/uploads\/2023\/04\/V-troskach-tornada-1262x2048.jpg 1262w, https:\/\/www.gangodvaznych.cz\/wp-content\/uploads\/2023\/04\/V-troskach-tornada-300x487.jpg 300w, https:\/\/www.gangodvaznych.cz\/wp-content\/uploads\/2023\/04\/V-troskach-tornada-850x1379.jpg 850w, https:\/\/www.gangodvaznych.cz\/wp-content\/uploads\/2023\/04\/V-troskach-tornada.jpg 1491w\" sizes=\"auto, (max-width: 250px) 100vw, 250px\" \/>Castillo, Linda. <em>V&nbsp;trosk\u00e1ch torn\u00e1da<\/em>. MOBA, Brno 2019 (New York 2015). 360 stran.<\/p>\n<p>Detektivn\u00ed p\u0159\u00edb\u011bh odkr\u00fdvaj\u00edc\u00ed sv\u00e9bytn\u00fd zp\u016fsob \u017eivota komunit ami\u0161\u016f, kte\u0159\u00ed odm\u00edtaj\u00ed p\u0159ijmout vymo\u017eenosti sou\u010dasn\u00e9 civilizace a \u017eij\u00ed jako p\u0159ed stalet\u00edmi. Policejn\u00ed n\u00e1\u010delnice Kate Burkholderov\u00e1 tak\u00e9 poch\u00e1z\u00ed z&nbsp;ami\u0161sk\u00e9 rodiny. P\u0159esto je i pro ni obt\u00ed\u017en\u00e9 z\u00edskat jejich d\u016fv\u011bru p\u0159i vy\u0161et\u0159ov\u00e1n\u00ed. M\u011bste\u010dkem Paiters Mill v&nbsp;Ohiu se toti\u017e prohnalo ni\u010div\u00e9 torn\u00e1do, kter\u00e9 v&nbsp;sutin\u00e1ch star\u00e9 stodoly odhalilo lidsk\u00e9 ostatky. \u0160lo o zlo\u010din? A komu pat\u0159ilo t\u011blo s&nbsp;d\u011bsiv\u011b ohlodan\u00fdmi kon\u010detinami?<\/p>\n<p>&nbsp;<\/p>\n<p>&nbsp;<\/p>\n<p>&nbsp;<\/p>\n<p>&nbsp;<\/p>\n<p>&nbsp;<\/p>\n<p><img loading=\"lazy\" decoding=\"async\" class=\"wp-image-3194 alignleft\" src=\"http:\/\/www.gangodvaznych.cz\/wp-content\/uploads\/2022\/11\/Tornado-Kdo-prezije-bouri-213x300.jpg\" alt=\"\" width=\"251\" height=\"353\" srcset=\"https:\/\/www.gangodvaznych.cz\/wp-content\/uploads\/2022\/11\/Tornado-Kdo-prezije-bouri-213x300.jpg 213w, https:\/\/www.gangodvaznych.cz\/wp-content\/uploads\/2022\/11\/Tornado-Kdo-prezije-bouri-726x1024.jpg 726w, https:\/\/www.gangodvaznych.cz\/wp-content\/uploads\/2022\/11\/Tornado-Kdo-prezije-bouri-768x1083.jpg 768w, https:\/\/www.gangodvaznych.cz\/wp-content\/uploads\/2022\/11\/Tornado-Kdo-prezije-bouri-1089x1536.jpg 1089w, https:\/\/www.gangodvaznych.cz\/wp-content\/uploads\/2022\/11\/Tornado-Kdo-prezije-bouri-1452x2048.jpg 1452w, https:\/\/www.gangodvaznych.cz\/wp-content\/uploads\/2022\/11\/Tornado-Kdo-prezije-bouri-300x423.jpg 300w, https:\/\/www.gangodvaznych.cz\/wp-content\/uploads\/2022\/11\/Tornado-Kdo-prezije-bouri-850x1199.jpg 850w, https:\/\/www.gangodvaznych.cz\/wp-content\/uploads\/2022\/11\/Tornado-Kdo-prezije-bouri-rotated.jpg 1706w\" sizes=\"auto, (max-width: 251px) 100vw, 251px\" \/>Ryan, Chris. <em>Torn\u00e1do. Kdo p\u0159e\u017eije bou\u0159i?<\/em> Na\u0161e vojsko 2018. (anglick\u00fd origin\u00e1l 2008) 216 stran. Kniha pro ml\u00e1de\u017e.<\/p>\n<p>Ben Tracey, t\u0159in\u00e1ctilet\u00fd Brit. Vypad\u00e1 jako oby\u010dejn\u00fd teenager, ale ze v\u0161ech \u0161lamastyk, v&nbsp;kter\u00fdch mu \u0161lo o \u017eivot, se v\u017edy dok\u00e1zal dostat. Te\u010f s&nbsp;p\u0159\u00edtelem Angelem odl\u00e9taj\u00ed z&nbsp;Kajmansk\u00fdch ostrov\u016f ohro\u017een\u00fdch hurik\u00e1nem. Letadla se v\u0161ak zmocn\u00ed \u00fanosce, kter\u00fd chce stroj nechat z\u0159\u00edtit nad ropnou rafin\u00e9ri\u00ed Angelova otce. Poda\u0159\u00ed se chlapc\u016fm letadlo p\u0159evz\u00edt? I kdyby s&nbsp;n\u00edm p\u0159ist\u00e1li, p\u0159e\u017eij\u00ed ve floridsk\u00fdch&nbsp;ba\u017ein\u00e1ch pln\u00fdch krokod\u00fdl\u016f? A k rafinerii se mezit\u00edm bl\u00ed\u017e\u00ed torn\u00e1do.<\/p>\n<p>&nbsp;<\/p>\n<p>&nbsp;<\/p>\n<p>&nbsp;<\/p>\n<p>&nbsp;<\/p>\n<p><img loading=\"lazy\" decoding=\"async\" class=\"wp-image-4252 alignleft\" src=\"http:\/\/www.gangodvaznych.cz\/wp-content\/uploads\/2025\/03\/Zveda-se-vitr-185x300.jpg\" alt=\"\" width=\"249\" height=\"404\" srcset=\"https:\/\/www.gangodvaznych.cz\/wp-content\/uploads\/2025\/03\/Zveda-se-vitr-185x300.jpg 185w, https:\/\/www.gangodvaznych.cz\/wp-content\/uploads\/2025\/03\/Zveda-se-vitr-631x1024.jpg 631w, https:\/\/www.gangodvaznych.cz\/wp-content\/uploads\/2025\/03\/Zveda-se-vitr-768x1246.jpg 768w, https:\/\/www.gangodvaznych.cz\/wp-content\/uploads\/2025\/03\/Zveda-se-vitr-947x1536.jpg 947w, https:\/\/www.gangodvaznych.cz\/wp-content\/uploads\/2025\/03\/Zveda-se-vitr-1263x2048.jpg 1263w, https:\/\/www.gangodvaznych.cz\/wp-content\/uploads\/2025\/03\/Zveda-se-vitr-300x487.jpg 300w, https:\/\/www.gangodvaznych.cz\/wp-content\/uploads\/2025\/03\/Zveda-se-vitr-850x1379.jpg 850w, https:\/\/www.gangodvaznych.cz\/wp-content\/uploads\/2025\/03\/Zveda-se-vitr-scaled.jpg 1578w\" sizes=\"auto, (max-width: 249px) 100vw, 249px\" \/>Surmanov\u00e1, Kate\u0159ina. <em>Zved\u00e1 se v\u00edtr.<\/em> Kalibr 2023. 280 stran.<\/p>\n<p>V dob\u011b katastrof\u00e1ln\u00edch povodn\u00ed na Morav\u011b v roce 1997 najde parta d\u011bt\u00ed (Filip, M\u00edna, Roman a Radek) v lese pobl\u00ed\u017e Hodon\u00edna mrtvolu kr\u00e1sn\u00e9 d\u00edvky zvan\u00e9 Sn\u011bhurka. Jeden z hoch\u016f, Filip, m\u016f\u017ee d\u00edky zvl\u00e1\u0161tn\u00ed schopnosti s duchem d\u00edvky komunikovat. S jeho pomoc\u00ed je posl\u00e9ze usv\u011bd\u010den vrah. Ale p\u0159ich\u00e1z\u00ed rok 2021 a na Hodon\u00edn se \u0159\u00edt\u00ed dal\u0161\u00ed \u017eiveln\u00ed pohroma, tentokr\u00e1t torn\u00e1do. Z b\u00fdval\u00fdch \u010dlen\u016f party jsou dosp\u011bl\u00ed, ale Filip m\u00e1 op\u011bt vid\u011bn\u00ed, d\u00edky kter\u00fdm znejist\u00ed. Bylo p\u0159ed lety v\u0161echno tak, jak se tehdy zd\u00e1lo? Zved\u00e1 se v\u00edtr a je tu dal\u0161\u00ed mrtv\u00fd.<\/p>\n<p>&nbsp;<\/p>\n<p>&nbsp;<\/p>\n<p>&nbsp;<\/p>\n<p>&nbsp;<\/p>\n<p><img loading=\"lazy\" decoding=\"async\" class=\" wp-image-3195 alignleft\" src=\"http:\/\/www.gangodvaznych.cz\/wp-content\/uploads\/2022\/11\/Zurici-zivel-210x300.jpg\" alt=\"\" width=\"250\" height=\"357\" srcset=\"https:\/\/www.gangodvaznych.cz\/wp-content\/uploads\/2022\/11\/Zurici-zivel-210x300.jpg 210w, https:\/\/www.gangodvaznych.cz\/wp-content\/uploads\/2022\/11\/Zurici-zivel-717x1024.jpg 717w, https:\/\/www.gangodvaznych.cz\/wp-content\/uploads\/2022\/11\/Zurici-zivel-768x1097.jpg 768w, https:\/\/www.gangodvaznych.cz\/wp-content\/uploads\/2022\/11\/Zurici-zivel-1075x1536.jpg 1075w, https:\/\/www.gangodvaznych.cz\/wp-content\/uploads\/2022\/11\/Zurici-zivel-1434x2048.jpg 1434w, https:\/\/www.gangodvaznych.cz\/wp-content\/uploads\/2022\/11\/Zurici-zivel-300x429.jpg 300w, https:\/\/www.gangodvaznych.cz\/wp-content\/uploads\/2022\/11\/Zurici-zivel-850x1214.jpg 850w, https:\/\/www.gangodvaznych.cz\/wp-content\/uploads\/2022\/11\/Zurici-zivel-rotated.jpg 1696w\" sizes=\"auto, (max-width: 250px) 100vw, 250px\" \/>Tarshisov\u00e1, Lauren. <em>Zu\u0159\u00edc\u00ed \u017eivel. P\u0159e\u017eil jsem torn\u00e1do v Joplinu, 2011<\/em>. CPRESS, Brno 2019. 141 stran. Ilustrace Scott Dawson.<\/p>\n<p>Jeden\u00e1ctilet\u00fd Dexter James bydl\u00ed ve m\u011bst\u011b Joplin v&nbsp;americk\u00e9m st\u00e1t\u011b Missouri.&nbsp; 22. kv\u011btna 2011 jel zrovna v&nbsp;aut\u011b, kdy\u017e se za hradbou mrak\u016f vyno\u0159ilo obrovsk\u00e9 torn\u00e1do t\u0159\u00eddy EF-5. M\u011blo \u0161\u00ed\u0159ku 1 km a rychlost v\u011btru v&nbsp;n\u011bm dosahovalo 90 m\/s. Okam\u017eit\u011b se spustily sir\u00e9ny, lid\u00e9 se ut\u00edkali schovat do sklep\u016f a \u00fakryt\u016f, ale p\u0159esto 158 lid\u00ed zem\u0159elo a prakticky cel\u00e9 m\u011bsto bylo b\u011bhem p\u00e1r minut srovnan\u00e9 se zem\u00ed. Co se stalo s&nbsp;Dexem, kter\u00fd byl zrovna s odborn\u00edkem na torn\u00e1da, doktorem Gagem? Vysv\u011btluj\u00edc\u00ed informace v&nbsp;doslovu.<\/p>\n","protected":false},"excerpt":{"rendered":"<p>&nbsp; Blanchardov\u00e1, Alice. Oko torn\u00e1da. Kni\u017en\u00ed klub 2005. 380 stran. Detektivn\u00ed rom\u00e1n se odehr\u00e1v\u00e1 v sezon\u011b torn\u00e1d ve st\u00e1t\u011b Oklahoma a barvit\u011b l\u00ed\u010d\u00ed pr\u016fb\u011bh a d\u016fsledky katastrofick\u00e9ho p\u0159\u00edrodn\u00edho jevu. Charlie Grover, velitel policie v m\u011bste\u010dku Promise, u\u017e za\u017eil ledacos. Jako desetilet\u00fd vysko\u010dil z ho\u0159\u00edc\u00edho domu a jeho t\u011blo dodnes nese stopy pop\u00e1lenin. Milovan\u00e1 man\u017eelka zem\u0159ela,&#8230;<\/p>\n","protected":false},"author":1,"featured_media":0,"parent":0,"menu_order":0,"comment_status":"closed","ping_status":"closed","template":"","meta":{"ngg_post_thumbnail":0,"footnotes":""},"class_list":["post-3193","page","type-page","status-publish","hentry"],"_links":{"self":[{"href":"https:\/\/www.gangodvaznych.cz\/index.php\/wp-json\/wp\/v2\/pages\/3193","targetHints":{"allow":["GET"]}}],"collection":[{"href":"https:\/\/www.gangodvaznych.cz\/index.php\/wp-json\/wp\/v2\/pages"}],"about":[{"href":"https:\/\/www.gangodvaznych.cz\/index.php\/wp-json\/wp\/v2\/types\/page"}],"author":[{"embeddable":true,"href":"https:\/\/www.gangodvaznych.cz\/index.php\/wp-json\/wp\/v2\/users\/1"}],"replies":[{"embeddable":true,"href":"https:\/\/www.gangodvaznych.cz\/index.php\/wp-json\/wp\/v2\/comments?post=3193"}],"version-history":[{"count":9,"href":"https:\/\/www.gangodvaznych.cz\/index.php\/wp-json\/wp\/v2\/pages\/3193\/revisions"}],"predecessor-version":[{"id":4256,"href":"https:\/\/www.gangodvaznych.cz\/index.php\/wp-json\/wp\/v2\/pages\/3193\/revisions\/4256"}],"wp:attachment":[{"href":"https:\/\/www.gangodvaznych.cz\/index.php\/wp-json\/wp\/v2\/media?parent=3193"}],"curies":[{"name":"wp","href":"https:\/\/api.w.org\/{rel}","templated":true}]}}