{"id":45,"date":"2019-03-23T10:54:40","date_gmt":"2019-03-23T10:54:40","guid":{"rendered":"http:\/\/www.gangodvaznych.cz\/?page_id=45"},"modified":"2026-03-29T15:10:23","modified_gmt":"2026-03-29T15:10:23","slug":"hrdinove-alfa","status":"publish","type":"page","link":"https:\/\/www.gangodvaznych.cz\/index.php\/hrdinove-alfa\/","title":{"rendered":"Alfa"},"content":{"rendered":"\r\n<div class=\"wp-block-image\">\r\n<figure class=\"alignright is-resized\"><img loading=\"lazy\" decoding=\"async\" class=\"wp-image-575\" src=\"http:\/\/www.gangodvaznych.cz\/wp-content\/uploads\/2019\/03\/Alfa_portr\u00e9t_skica-1024x694.jpg\" alt=\"\" width=\"400\" height=\"271\" srcset=\"https:\/\/www.gangodvaznych.cz\/wp-content\/uploads\/2019\/03\/Alfa_portr\u00e9t_skica-1024x694.jpg 1024w, https:\/\/www.gangodvaznych.cz\/wp-content\/uploads\/2019\/03\/Alfa_portr\u00e9t_skica-300x203.jpg 300w, https:\/\/www.gangodvaznych.cz\/wp-content\/uploads\/2019\/03\/Alfa_portr\u00e9t_skica-768x521.jpg 768w, https:\/\/www.gangodvaznych.cz\/wp-content\/uploads\/2019\/03\/Alfa_portr\u00e9t_skica.jpg 1441w\" sizes=\"auto, (max-width: 400px) 100vw, 400px\" \/><\/figure>\r\n<\/div>\r\n\r\n\r\n\r\n<p>Ve skute\u010dnosti se jmenuje Alfr\u00e9da, ale \u0159ekn\u011bte j\u00ed Alfr\u00e9do \u2013 a je po v\u00e1s. Tohle jm\u00e9no fakt nesn\u00e1\u0161\u00ed. Je o \u010dtvrt hodiny star\u0161\u00ed ne\u017e jej\u00ed dvoj\u010de Beta, co\u017e bere jako v\u00fdzvu chovat se jako ta dosp\u011blej\u0161\u00ed a rozumn\u011bj\u0161\u00ed. Ob\u011b maj\u00ed dlouh\u00e9 sv\u011btle hn\u011bd\u00e9 vlasy, rovn\u00e9 jako h\u0159eb\u00edky. A ob\u011b miluj\u00ed sv\u00e9ho o t\u0159i roky star\u0161\u00edho bratra Hardyho (co\u017e jim ale nebr\u00e1n\u00ed v tom, aby si z n\u011bj ka\u017edou chv\u00edli neutahovaly).<\/p>\r\n\r\n\r\n\r\n<p>V\u011bk: 13 let<\/p>\r\n\r\n\r\n\r\n<p>Z\u00e1liby: r\u00e1da fot\u00ed, m\u00e1 n\u00e1pady i \u0161ikovn\u00e9 ruce a docela r\u00e1da va\u0159\u00ed, hlavn\u011b pro bratra Hardyho, kter\u00fd sn\u00ed skoro v\u0161echno<\/p>\r\n\r\n\r\n\r\n<p>Zvl\u00e1\u0161tn\u00ed znamen\u00ed: na rozd\u00edl od sv\u00e9ho dvoj\u010dete Bety m\u00e1 na krku pihu<\/p>\r\n<p>&nbsp;<\/p>\r\n<p>ALFA O SOB\u011a:<\/p>\r\n<p><em>Jmenuji se Alfr\u00e9da Kleinov\u00e1, ale v\u0161ichni mi \u0159\u00edkaj\u00ed Alfa. Jm\u00e9no Alfr\u00e9da nesn\u00e1\u0161\u00edm. Je mi t\u0159in\u00e1ct let, chod\u00edm do sedm\u00e9 t\u0159\u00eddy, r\u00e1da fot\u00edm a va\u0159\u00edm. P\u0159i v\u00fdprav\u00e1ch po\u0159izuju dokumentaci, fotky a videa. M\u00e1m o t\u0159i roky star\u0161\u00edho bratra Hardyho a o patn\u00e1ct minut mlad\u0161\u00ed sestru Betu.<\/em><\/p>\r\n<p>&nbsp;<\/p>\r\n<p>&nbsp;<\/p>\r\n<p>&nbsp;<\/p>\r\n<p>&nbsp;<\/p>\r\n<p>RODI\u010cE<\/p>\r\n\r\n\r\n\r\n<p><img loading=\"lazy\" decoding=\"async\" class=\" wp-image-3360 alignleft\" src=\"http:\/\/www.gangodvaznych.cz\/wp-content\/uploads\/2023\/02\/rodice-Kleinovi_2-300x161.jpg\" alt=\"\" width=\"453\" height=\"243\" srcset=\"https:\/\/www.gangodvaznych.cz\/wp-content\/uploads\/2023\/02\/rodice-Kleinovi_2-300x161.jpg 300w, https:\/\/www.gangodvaznych.cz\/wp-content\/uploads\/2023\/02\/rodice-Kleinovi_2-768x413.jpg 768w, https:\/\/www.gangodvaznych.cz\/wp-content\/uploads\/2023\/02\/rodice-Kleinovi_2-850x457.jpg 850w, https:\/\/www.gangodvaznych.cz\/wp-content\/uploads\/2023\/02\/rodice-Kleinovi_2.jpg 880w\" sizes=\"auto, (max-width: 453px) 100vw, 453px\" \/><\/p>\r\n<p>Irma Kleinov\u00e1<br>Bruno Klein<\/p>\r\n<p><img loading=\"lazy\" decoding=\"async\" class=\"wp-image-5651 alignright\" src=\"http:\/\/www.gangodvaznych.cz\/wp-content\/uploads\/2026\/03\/Klein_Zralok-116x300.jpg\" alt=\"\" width=\"192\" height=\"497\" srcset=\"https:\/\/www.gangodvaznych.cz\/wp-content\/uploads\/2026\/03\/Klein_Zralok-116x300.jpg 116w, https:\/\/www.gangodvaznych.cz\/wp-content\/uploads\/2026\/03\/Klein_Zralok-396x1024.jpg 396w, https:\/\/www.gangodvaznych.cz\/wp-content\/uploads\/2026\/03\/Klein_Zralok-594x1536.jpg 594w, https:\/\/www.gangodvaznych.cz\/wp-content\/uploads\/2026\/03\/Klein_Zralok-300x775.jpg 300w, https:\/\/www.gangodvaznych.cz\/wp-content\/uploads\/2026\/03\/Klein_Zralok.jpg 697w\" sizes=\"auto, (max-width: 192px) 100vw, 192px\" \/><\/p>\r\n<p>&nbsp;<\/p>\r\n<p>&nbsp;<\/p>\r\n<p>&nbsp;<\/p>\r\n<p>&nbsp;<\/p>\r\n<p>&nbsp;<\/p>\r\n<p><img loading=\"lazy\" decoding=\"async\" class=\"alignnone size-medium wp-image-5652\" src=\"http:\/\/www.gangodvaznych.cz\/wp-content\/uploads\/2026\/03\/Bruno-Klein_Poust_1-300x230.jpg\" alt=\"\" width=\"300\" height=\"230\" srcset=\"https:\/\/www.gangodvaznych.cz\/wp-content\/uploads\/2026\/03\/Bruno-Klein_Poust_1-300x230.jpg 300w, https:\/\/www.gangodvaznych.cz\/wp-content\/uploads\/2026\/03\/Bruno-Klein_Poust_1-1024x786.jpg 1024w, https:\/\/www.gangodvaznych.cz\/wp-content\/uploads\/2026\/03\/Bruno-Klein_Poust_1-768x590.jpg 768w, https:\/\/www.gangodvaznych.cz\/wp-content\/uploads\/2026\/03\/Bruno-Klein_Poust_1-850x653.jpg 850w, https:\/\/www.gangodvaznych.cz\/wp-content\/uploads\/2026\/03\/Bruno-Klein_Poust_1.jpg 1033w\" sizes=\"auto, (max-width: 300px) 100vw, 300px\" \/><\/p>\r\n<p>&nbsp;<\/p>\r\n<p>&nbsp;<\/p>\r\n<p>&nbsp;<\/p>\r\n\r\n\r\n\r\n<p>\u010cl\u00e1nky t\u00e9to postavy:<\/p>\r\n\r\n\r\n<ul class=\"lcp_catlist\" id=\"lcp_instance_0\"><li><a href=\"https:\/\/www.gangodvaznych.cz\/index.php\/2025\/09\/09\/nanaimo-pro-mlsouny-alfa\/\">Nanaimo pro mlsouny (Alfa)<\/a><\/li><li><a href=\"https:\/\/www.gangodvaznych.cz\/index.php\/2025\/03\/14\/slavni-medvedi-alfa\/\">Slavn\u00ed medv\u011bdi (Alfa)<\/a><\/li><li><a href=\"https:\/\/www.gangodvaznych.cz\/index.php\/2025\/03\/14\/indianska-cesta-slz-alfa\/\">Indi\u00e1nsk\u00e1 Cesta slz (Alfa)<\/a><\/li><li><a href=\"https:\/\/www.gangodvaznych.cz\/index.php\/2024\/03\/27\/podivin-z-vychodni-australie-alfa\/\">Podiv\u00edn z\u00a0v\u00fdchodn\u00ed Austr\u00e1lie (Alfa)<\/a><\/li><li><a href=\"https:\/\/www.gangodvaznych.cz\/index.php\/2023\/02\/21\/kanarska-borovice-roste-jenom-na-kanarech-alfa\/\">Kan\u00e1rsk\u00e1 borovice roste jenom na Kan\u00e1rech (Alfa)<\/a><\/li><li><a href=\"https:\/\/www.gangodvaznych.cz\/index.php\/2021\/10\/15\/knize-edmund-alfa\/\">Kn\u00ed\u017ee Edmund (Alfa)<\/a><\/li><li><a href=\"https:\/\/www.gangodvaznych.cz\/index.php\/2021\/06\/13\/hello-kitty-alfa\/\">Hello Kitty (Alfa)<\/a><\/li><li><a href=\"https:\/\/www.gangodvaznych.cz\/index.php\/2021\/05\/13\/ryze-na-tisic-zpusobu-alfa\/\">R\u00fd\u017ee na tis\u00edc zp\u016fsob\u016f (Alfa)<\/a><\/li><li><a href=\"https:\/\/www.gangodvaznych.cz\/index.php\/2019\/10\/11\/jidlo-v-tunisku-alfa\/\">J\u00eddlo v Tunisku (Alfa)<\/a><\/li><li><a href=\"https:\/\/www.gangodvaznych.cz\/index.php\/2019\/06\/24\/ucesy-princezny-ley-beta\/\">\u00da\u010desy princezny Ley (Alfa)<\/a><\/li><\/ul>\n<p>&nbsp;<\/p>\n<p>&nbsp;<\/p>\n\r\n\r\n\r\n<p>&nbsp;<\/p>\r\n","protected":false},"excerpt":{"rendered":"<p>Ve skute\u010dnosti se jmenuje Alfr\u00e9da, ale \u0159ekn\u011bte j\u00ed Alfr\u00e9do \u2013 a je po v\u00e1s. Tohle jm\u00e9no fakt nesn\u00e1\u0161\u00ed. Je o \u010dtvrt hodiny star\u0161\u00ed ne\u017e jej\u00ed dvoj\u010de Beta, co\u017e bere jako v\u00fdzvu chovat se jako ta dosp\u011blej\u0161\u00ed a rozumn\u011bj\u0161\u00ed. Ob\u011b maj\u00ed dlouh\u00e9 sv\u011btle hn\u011bd\u00e9 vlasy, rovn\u00e9 jako h\u0159eb\u00edky. A ob\u011b miluj\u00ed sv\u00e9ho o t\u0159i roky star\u0161\u00edho&#8230;<\/p>\n","protected":false},"author":1,"featured_media":0,"parent":0,"menu_order":0,"comment_status":"closed","ping_status":"closed","template":"","meta":{"ngg_post_thumbnail":0,"footnotes":""},"class_list":["post-45","page","type-page","status-publish","hentry"],"_links":{"self":[{"href":"https:\/\/www.gangodvaznych.cz\/index.php\/wp-json\/wp\/v2\/pages\/45","targetHints":{"allow":["GET"]}}],"collection":[{"href":"https:\/\/www.gangodvaznych.cz\/index.php\/wp-json\/wp\/v2\/pages"}],"about":[{"href":"https:\/\/www.gangodvaznych.cz\/index.php\/wp-json\/wp\/v2\/types\/page"}],"author":[{"embeddable":true,"href":"https:\/\/www.gangodvaznych.cz\/index.php\/wp-json\/wp\/v2\/users\/1"}],"replies":[{"embeddable":true,"href":"https:\/\/www.gangodvaznych.cz\/index.php\/wp-json\/wp\/v2\/comments?post=45"}],"version-history":[{"count":26,"href":"https:\/\/www.gangodvaznych.cz\/index.php\/wp-json\/wp\/v2\/pages\/45\/revisions"}],"predecessor-version":[{"id":5661,"href":"https:\/\/www.gangodvaznych.cz\/index.php\/wp-json\/wp\/v2\/pages\/45\/revisions\/5661"}],"wp:attachment":[{"href":"https:\/\/www.gangodvaznych.cz\/index.php\/wp-json\/wp\/v2\/media?parent=45"}],"curies":[{"name":"wp","href":"https:\/\/api.w.org\/{rel}","templated":true}]}}

<div class="wp-block-image">
<figure class="alignright is-resized"><img loading="lazy" decoding="async" class="wp-image-575" src="http://www.gangodvaznych.cz/wp-content/uploads/2019/03/Alfa_portrét_skica-1024x694.jpg" alt="" width="400" height="271" srcset="https://www.gangodvaznych.cz/wp-content/uploads/2019/03/Alfa_portrét_skica-1024x694.jpg 1024w, https://www.gangodvaznych.cz/wp-content/uploads/2019/03/Alfa_portrét_skica-300x203.jpg 300w, https://www.gangodvaznych.cz/wp-content/uploads/2019/03/Alfa_portrét_skica-768x521.jpg 768w, https://www.gangodvaznych.cz/wp-content/uploads/2019/03/Alfa_portrét_skica.jpg 1441w" sizes="auto, (max-width: 400px) 100vw, 400px" /></figure>
</div>



<p>Ve skutečnosti se jmenuje Alfréda, ale řekněte jí Alfrédo – a je po vás. Tohle jméno fakt nesnáší. Je o čtvrt hodiny starší než její dvojče Beta, což bere jako výzvu chovat se jako ta dospělejší a rozumnější. Obě mají dlouhé světle hnědé vlasy, rovné jako hřebíky. A obě milují svého o tři roky staršího bratra Hardyho (což jim ale nebrání v tom, aby si z něj každou chvíli neutahovaly).</p>



<p>Věk: 13 let</p>



<p>Záliby: ráda fotí, má nápady i šikovné ruce a docela ráda vaří, hlavně pro bratra Hardyho, který sní skoro všechno</p>



<p>Zvláštní znamení: na rozdíl od svého dvojčete Bety má na krku pihu</p>
<p>&nbsp;</p>
<p>ALFA O SOBĚ:</p>
<p><em>Jmenuji se Alfréda Kleinová, ale všichni mi říkají Alfa. Jméno Alfréda nesnáším. Je mi třináct let, chodím do sedmé třídy, ráda fotím a vařím. Při výpravách pořizuju dokumentaci, fotky a videa. Mám o tři roky staršího bratra Hardyho a o patnáct minut mladší sestru Betu.</em></p>
<p>&nbsp;</p>
<p>&nbsp;</p>
<p>&nbsp;</p>
<p>&nbsp;</p>
<p>RODIČE</p>



<p><img loading="lazy" decoding="async" class=" wp-image-3360 alignleft" src="http://www.gangodvaznych.cz/wp-content/uploads/2023/02/rodice-Kleinovi_2-300x161.jpg" alt="" width="453" height="243" srcset="https://www.gangodvaznych.cz/wp-content/uploads/2023/02/rodice-Kleinovi_2-300x161.jpg 300w, https://www.gangodvaznych.cz/wp-content/uploads/2023/02/rodice-Kleinovi_2-768x413.jpg 768w, https://www.gangodvaznych.cz/wp-content/uploads/2023/02/rodice-Kleinovi_2-850x457.jpg 850w, https://www.gangodvaznych.cz/wp-content/uploads/2023/02/rodice-Kleinovi_2.jpg 880w" sizes="auto, (max-width: 453px) 100vw, 453px" /></p>
<p>Irma Kleinová<br>Bruno Klein</p>
<p><img loading="lazy" decoding="async" class="wp-image-5651 alignright" src="http://www.gangodvaznych.cz/wp-content/uploads/2026/03/Klein_Zralok-116x300.jpg" alt="" width="192" height="497" srcset="https://www.gangodvaznych.cz/wp-content/uploads/2026/03/Klein_Zralok-116x300.jpg 116w, https://www.gangodvaznych.cz/wp-content/uploads/2026/03/Klein_Zralok-396x1024.jpg 396w, https://www.gangodvaznych.cz/wp-content/uploads/2026/03/Klein_Zralok-594x1536.jpg 594w, https://www.gangodvaznych.cz/wp-content/uploads/2026/03/Klein_Zralok-300x775.jpg 300w, https://www.gangodvaznych.cz/wp-content/uploads/2026/03/Klein_Zralok.jpg 697w" sizes="auto, (max-width: 192px) 100vw, 192px" /></p>
<p>&nbsp;</p>
<p>&nbsp;</p>
<p>&nbsp;</p>
<p>&nbsp;</p>
<p>&nbsp;</p>
<p><img loading="lazy" decoding="async" class="alignnone size-medium wp-image-5652" src="http://www.gangodvaznych.cz/wp-content/uploads/2026/03/Bruno-Klein_Poust_1-300x230.jpg" alt="" width="300" height="230" srcset="https://www.gangodvaznych.cz/wp-content/uploads/2026/03/Bruno-Klein_Poust_1-300x230.jpg 300w, https://www.gangodvaznych.cz/wp-content/uploads/2026/03/Bruno-Klein_Poust_1-1024x786.jpg 1024w, https://www.gangodvaznych.cz/wp-content/uploads/2026/03/Bruno-Klein_Poust_1-768x590.jpg 768w, https://www.gangodvaznych.cz/wp-content/uploads/2026/03/Bruno-Klein_Poust_1-850x653.jpg 850w, https://www.gangodvaznych.cz/wp-content/uploads/2026/03/Bruno-Klein_Poust_1.jpg 1033w" sizes="auto, (max-width: 300px) 100vw, 300px" /></p>
<p>&nbsp;</p>
<p>&nbsp;</p>
<p>&nbsp;</p>



<p>Články této postavy:</p>


<ul class="lcp_catlist" id="lcp_instance_0"><li><a href="https://www.gangodvaznych.cz/index.php/2025/09/09/nanaimo-pro-mlsouny-alfa/">Nanaimo pro mlsouny (Alfa)</a></li><li><a href="https://www.gangodvaznych.cz/index.php/2025/03/14/slavni-medvedi-alfa/">Slavní medvědi (Alfa)</a></li><li><a href="https://www.gangodvaznych.cz/index.php/2025/03/14/indianska-cesta-slz-alfa/">Indiánská Cesta slz (Alfa)</a></li><li><a href="https://www.gangodvaznych.cz/index.php/2024/03/27/podivin-z-vychodni-australie-alfa/">Podivín z východní Austrálie (Alfa)</a></li><li><a href="https://www.gangodvaznych.cz/index.php/2023/02/21/kanarska-borovice-roste-jenom-na-kanarech-alfa/">Kanárská borovice roste jenom na Kanárech (Alfa)</a></li><li><a href="https://www.gangodvaznych.cz/index.php/2021/10/15/knize-edmund-alfa/">Kníže Edmund (Alfa)</a></li><li><a href="https://www.gangodvaznych.cz/index.php/2021/06/13/hello-kitty-alfa/">Hello Kitty (Alfa)</a></li><li><a href="https://www.gangodvaznych.cz/index.php/2021/05/13/ryze-na-tisic-zpusobu-alfa/">Rýže na tisíc způsobů (Alfa)</a></li><li><a href="https://www.gangodvaznych.cz/index.php/2019/10/11/jidlo-v-tunisku-alfa/">Jídlo v Tunisku (Alfa)</a></li><li><a href="https://www.gangodvaznych.cz/index.php/2019/06/24/ucesy-princezny-ley-beta/">Účesy princezny Ley (Alfa)</a></li></ul>
<p>&nbsp;</p>
<p>&nbsp;</p>



<p>&nbsp;</p>

<p>Ve skutečnosti se jmenuje Alfréda, ale řekněte jí Alfrédo – a je po vás. Tohle jméno fakt nesnáší. Je o čtvrt hodiny starší než její dvojče Beta, což bere jako výzvu chovat se jako ta dospělejší a rozumnější. Obě mají dlouhé světle hnědé vlasy, rovné jako hřebíky. A obě milují svého o tři roky staršího&#8230;</p>
