{"id":51,"date":"2019-03-23T10:55:16","date_gmt":"2019-03-23T10:55:16","guid":{"rendered":"http:\/\/www.gangodvaznych.cz\/?page_id=51"},"modified":"2026-03-29T15:30:26","modified_gmt":"2026-03-29T15:30:26","slug":"hrdinove-jonas","status":"publish","type":"page","link":"https:\/\/www.gangodvaznych.cz\/index.php\/hrdinove-jonas\/","title":{"rendered":"Jon\u00e1\u0161"},"content":{"rendered":"\r\n<div class=\"wp-block-image\">\r\n<figure class=\"alignleft is-resized\"><img loading=\"lazy\" decoding=\"async\" class=\"wp-image-587\" src=\"http:\/\/www.gangodvaznych.cz\/wp-content\/uploads\/2019\/03\/Jon\u00e1\u0161_port\u00e9t_skica-1024x1014.jpg\" alt=\"\" width=\"375\" height=\"371\" srcset=\"https:\/\/www.gangodvaznych.cz\/wp-content\/uploads\/2019\/03\/Jon\u00e1\u0161_port\u00e9t_skica-1024x1014.jpg 1024w, https:\/\/www.gangodvaznych.cz\/wp-content\/uploads\/2019\/03\/Jon\u00e1\u0161_port\u00e9t_skica-300x297.jpg 300w, https:\/\/www.gangodvaznych.cz\/wp-content\/uploads\/2019\/03\/Jon\u00e1\u0161_port\u00e9t_skica-768x761.jpg 768w, https:\/\/www.gangodvaznych.cz\/wp-content\/uploads\/2019\/03\/Jon\u00e1\u0161_port\u00e9t_skica-100x100.jpg 100w, https:\/\/www.gangodvaznych.cz\/wp-content\/uploads\/2019\/03\/Jon\u00e1\u0161_port\u00e9t_skica.jpg 1233w\" sizes=\"auto, (max-width: 375px) 100vw, 375px\" \/><\/figure>\r\n<\/div>\r\n\r\n\r\n\r\n<p>Vysok\u00fd, huben\u00fd, ale d\u00edky sportu u\u017e za\u010d\u00edn\u00e1 m\u00edt vypracovanou postavu. Je sn\u011bd\u00fd, tmav\u011b hn\u011bd\u00e9 vlasy se mu na krku m\u00edrn\u011b vln\u00ed.<\/p>\r\n\r\n\r\n\r\n<p>Pohybov\u011b nadan\u00fd, mr\u0161tn\u00fd. R\u00e1d zkou\u0161\u00ed nejr\u016fzn\u011bj\u0161\u00ed sporty, ale zbyte\u010dn\u011b neriskuje. Je opatrn\u00fd a zodpov\u011bdn\u00fd.<\/p>\r\n\r\n\r\n\r\n<p>V\u011bk: 15 let<\/p>\r\n\r\n\r\n\r\n<p>Z\u00e1liby: zoologie, ekologie, sport<\/p>\r\n\r\n\r\n\r\n<p>Zvl\u00e1\u0161tn\u00ed znamen\u00ed: je vegetari\u00e1n, nem\u00e1 r\u00e1d tmu a nesn\u00e1\u0161\u00ed pohled na krev<\/p>\r\n<p>&nbsp;<\/p>\r\n<p>&nbsp;<\/p>\r\n<p>JON\u00c1\u0160 O SOB\u011a:<\/p>\r\n<p><em>Jmenuji se Jon\u00e1\u0161 R\u00edmsk\u00fd. Je mi patn\u00e1ct let a studuji na p\u0159\u00edrodov\u011bdn\u00e9m gymn\u00e1ziu se sportovn\u00edm zam\u011b\u0159en\u00edm. M\u00e1m r\u00e1d zv\u00ed\u0159ata a l\u00edb\u00ed se mi pozorovat je v jejich p\u0159irozen\u00e9m prost\u0159ed\u00ed. Taky jsem u\u017e n\u011bkolik let vegetari\u00e1n. Zaj\u00edm\u00e1 m\u011b, jak \u010dlov\u011bk ovliv\u0148uje p\u0159\u00edrodu, \u010d\u00edm j\u00ed ubli\u017euje a jak ji m\u016f\u017ee chr\u00e1nit.<\/em><br><em>S kamar\u00e1dy r\u00e1di cestujeme. Spole\u010dn\u011b jsme u\u017e leccos za\u017eili. P\u00e1rkr\u00e1t n\u00e1m \u0161lo i o \u017eivot. Ale kdy\u017e d\u00e1me hlavy a svaly dohromady, v\u017edycky se n\u00e1m poda\u0159\u00ed nad nebezpe\u010d\u00edm vyhr\u00e1t.<\/em><\/p>\r\n<p>&nbsp;<\/p>\r\n<p>&nbsp;<\/p>\r\n<p>RODI\u010cE<\/p>\r\n<p>Jan R\u00edmsk\u00fd<img loading=\"lazy\" decoding=\"async\" class=\"size-medium wp-image-5677 alignleft\" src=\"http:\/\/www.gangodvaznych.cz\/wp-content\/uploads\/2026\/03\/Jan-Rimsky_Lev-176x300.jpg\" alt=\"\" width=\"176\" height=\"300\" srcset=\"https:\/\/www.gangodvaznych.cz\/wp-content\/uploads\/2026\/03\/Jan-Rimsky_Lev-176x300.jpg 176w, https:\/\/www.gangodvaznych.cz\/wp-content\/uploads\/2026\/03\/Jan-Rimsky_Lev.jpg 246w\" sizes=\"auto, (max-width: 176px) 100vw, 176px\" \/><br><br><\/p>\r\n<p>&nbsp;<\/p>\r\n<p><img loading=\"lazy\" decoding=\"async\" class=\"size-medium wp-image-3371 alignleft\" src=\"http:\/\/www.gangodvaznych.cz\/wp-content\/uploads\/2023\/02\/rodice_Jolana-Rimska_1-99x300.jpg\" alt=\"\" width=\"99\" height=\"300\" srcset=\"https:\/\/www.gangodvaznych.cz\/wp-content\/uploads\/2023\/02\/rodice_Jolana-Rimska_1-99x300.jpg 99w, https:\/\/www.gangodvaznych.cz\/wp-content\/uploads\/2023\/02\/rodice_Jolana-Rimska_1-300x905.jpg 300w, https:\/\/www.gangodvaznych.cz\/wp-content\/uploads\/2023\/02\/rodice_Jolana-Rimska_1.jpg 393w\" sizes=\"auto, (max-width: 99px) 100vw, 99px\" \/>Jolana R\u00edmsk\u00e1<\/p>\r\n<p><img loading=\"lazy\" decoding=\"async\" class=\"alignnone size-medium wp-image-5678\" src=\"http:\/\/www.gangodvaznych.cz\/wp-content\/uploads\/2026\/03\/Jolana-Rimska_Tornado_1-163x300.jpg\" alt=\"\" width=\"163\" height=\"300\" srcset=\"https:\/\/www.gangodvaznych.cz\/wp-content\/uploads\/2026\/03\/Jolana-Rimska_Tornado_1-163x300.jpg 163w, https:\/\/www.gangodvaznych.cz\/wp-content\/uploads\/2026\/03\/Jolana-Rimska_Tornado_1-300x553.jpg 300w, https:\/\/www.gangodvaznych.cz\/wp-content\/uploads\/2026\/03\/Jolana-Rimska_Tornado_1.jpg 353w\" sizes=\"auto, (max-width: 163px) 100vw, 163px\" \/><\/p>\r\n<p>&nbsp;<\/p>\r\n<p>&nbsp;<\/p>\r\n<p>&nbsp;<\/p>\r\n<p>&nbsp;<\/p>\r\n\r\n\r\n\r\n<p>&nbsp;<\/p>\r\n<p>&nbsp;<\/p>\r\n<p>\u010cl\u00e1nky t\u00e9to postavy:<\/p>\r\n\r\n\r\n<ul class=\"lcp_catlist\" id=\"lcp_instance_0\"><li><a href=\"https:\/\/www.gangodvaznych.cz\/index.php\/2026\/03\/28\/lev-savlozuby-a-lev-jeskynni-jonas\/\">Lev \u0161avlozub\u00fd a lev jeskynn\u00ed (Jon\u00e1\u0161)<\/a><\/li><li><a href=\"https:\/\/www.gangodvaznych.cz\/index.php\/2025\/09\/09\/jan-eskymo-welzl-jonas\/\">Jan Eskymo Welzl (Jon\u00e1\u0161)<\/a><\/li><li><a href=\"https:\/\/www.gangodvaznych.cz\/index.php\/2025\/04\/21\/rozpad-odpadu-jonas\/\">Rozpad odpadu (Jon\u00e1\u0161)<\/a><\/li><li><a href=\"https:\/\/www.gangodvaznych.cz\/index.php\/2025\/03\/14\/medvedi-stopa-jonas\/\">Medv\u011bd\u00ed stopa (Jon\u00e1\u0161)<\/a><\/li><li><a href=\"https:\/\/www.gangodvaznych.cz\/index.php\/2025\/03\/14\/smrtici-sport-jonas\/\">Smrt\u00edc\u00ed sport (Jon\u00e1\u0161)<\/a><\/li><li><a href=\"https:\/\/www.gangodvaznych.cz\/index.php\/2024\/03\/27\/surfing-jonas\/\">Surfing (Jon\u00e1\u0161)<\/a><\/li><li><a href=\"https:\/\/www.gangodvaznych.cz\/index.php\/2021\/10\/15\/putovani-lososu-z-hrenska-do-more-a-zpatky-jonas\/\">Putov\u00e1n\u00ed losos\u016f z\u00a0H\u0159enska do mo\u0159e a zp\u00e1tky (Jon\u00e1\u0161)<\/a><\/li><li><a href=\"https:\/\/www.gangodvaznych.cz\/index.php\/2021\/05\/13\/mohou-zvirata-predvidat-zemetreseni-jonas\/\">Mohou zv\u00ed\u0159ata p\u0159edv\u00eddat zem\u011bt\u0159esen\u00ed? (Jon\u00e1\u0161)<\/a><\/li><li><a href=\"https:\/\/www.gangodvaznych.cz\/index.php\/2019\/06\/18\/zajimavosti-o-stirech-jonas\/\">Zaj\u00edmavosti o \u0161t\u00edrech (Jon\u00e1\u0161)<\/a><\/li><li><a href=\"https:\/\/www.gangodvaznych.cz\/index.php\/2019\/03\/24\/co-v-mori-zautocilo-na-hardyho-jonas\/\">Co v mo\u0159i za\u00fato\u010dilo na Hardyho? (Jon\u00e1\u0161)<\/a><\/li><\/ul>\n","protected":false},"excerpt":{"rendered":"<p>Vysok\u00fd, huben\u00fd, ale d\u00edky sportu u\u017e za\u010d\u00edn\u00e1 m\u00edt vypracovanou postavu. Je sn\u011bd\u00fd, tmav\u011b hn\u011bd\u00e9 vlasy se mu na krku m\u00edrn\u011b vln\u00ed. Pohybov\u011b nadan\u00fd, mr\u0161tn\u00fd. R\u00e1d zkou\u0161\u00ed nejr\u016fzn\u011bj\u0161\u00ed sporty, ale zbyte\u010dn\u011b neriskuje. Je opatrn\u00fd a zodpov\u011bdn\u00fd. V\u011bk: 15 let Z\u00e1liby: zoologie, ekologie, sport Zvl\u00e1\u0161tn\u00ed znamen\u00ed: je vegetari\u00e1n, nem\u00e1 r\u00e1d tmu a nesn\u00e1\u0161\u00ed pohled na krev &nbsp;&#8230;<\/p>\n","protected":false},"author":1,"featured_media":0,"parent":0,"menu_order":0,"comment_status":"closed","ping_status":"closed","template":"","meta":{"ngg_post_thumbnail":0,"footnotes":""},"class_list":["post-51","page","type-page","status-publish","hentry"],"_links":{"self":[{"href":"https:\/\/www.gangodvaznych.cz\/index.php\/wp-json\/wp\/v2\/pages\/51","targetHints":{"allow":["GET"]}}],"collection":[{"href":"https:\/\/www.gangodvaznych.cz\/index.php\/wp-json\/wp\/v2\/pages"}],"about":[{"href":"https:\/\/www.gangodvaznych.cz\/index.php\/wp-json\/wp\/v2\/types\/page"}],"author":[{"embeddable":true,"href":"https:\/\/www.gangodvaznych.cz\/index.php\/wp-json\/wp\/v2\/users\/1"}],"replies":[{"embeddable":true,"href":"https:\/\/www.gangodvaznych.cz\/index.php\/wp-json\/wp\/v2\/comments?post=51"}],"version-history":[{"count":14,"href":"https:\/\/www.gangodvaznych.cz\/index.php\/wp-json\/wp\/v2\/pages\/51\/revisions"}],"predecessor-version":[{"id":5680,"href":"https:\/\/www.gangodvaznych.cz\/index.php\/wp-json\/wp\/v2\/pages\/51\/revisions\/5680"}],"wp:attachment":[{"href":"https:\/\/www.gangodvaznych.cz\/index.php\/wp-json\/wp\/v2\/media?parent=51"}],"curies":[{"name":"wp","href":"https:\/\/api.w.org\/{rel}","templated":true}]}}