{"id":55,"date":"2019-03-23T10:55:34","date_gmt":"2019-03-23T10:55:34","guid":{"rendered":"http:\/\/www.gangodvaznych.cz\/?page_id=55"},"modified":"2026-04-19T18:09:52","modified_gmt":"2026-04-19T18:09:52","slug":"hrdinove-tim","status":"publish","type":"page","link":"https:\/\/www.gangodvaznych.cz\/index.php\/hrdinove-tim\/","title":{"rendered":"Tim"},"content":{"rendered":"\r\n<div class=\"wp-block-image\">\r\n<figure class=\"alignright is-resized\"><img loading=\"lazy\" decoding=\"async\" class=\"wp-image-589\" src=\"http:\/\/www.gangodvaznych.cz\/wp-content\/uploads\/2019\/03\/Tim_port\u00e9t_skica.jpg\" alt=\"\" width=\"292\" height=\"370\" srcset=\"https:\/\/www.gangodvaznych.cz\/wp-content\/uploads\/2019\/03\/Tim_port\u00e9t_skica.jpg 805w, https:\/\/www.gangodvaznych.cz\/wp-content\/uploads\/2019\/03\/Tim_port\u00e9t_skica-237x300.jpg 237w, https:\/\/www.gangodvaznych.cz\/wp-content\/uploads\/2019\/03\/Tim_port\u00e9t_skica-768x974.jpg 768w\" sizes=\"auto, (max-width: 292px) 100vw, 292px\" \/><\/figure>\r\n<\/div>\r\n\r\n\r\n\r\n<p>Chod\u00edc\u00ed encyklopedie. A\u010dkoliv je z cel\u00e9 skupiny nejmlad\u0161\u00ed, m\u00e1 d\u00edky sv\u00fdm u\u017eite\u010dn\u00fdm znalostem p\u0159irozenou autoritu. Ob\u010das svou p\u0159emoud\u0159elost\u00ed m\u016f\u017ee l\u00e9zt na nervy, ale jeho nevinn\u00fd kuku\u010d ka\u017ed\u00e9ho odzbroj\u00ed. Je nezdoln\u00fd optimista a m\u00e1 tendenci se do v\u0161eho vrhat po hlav\u011b.<\/p>\r\n\r\n\r\n\r\n<p>V\u011bk: 10 let<\/p>\r\n\r\n\r\n\r\n<p>Z\u00e1liby: \u010detba nau\u010dn\u00fdch knih v\u0161eho druhu<\/p>\r\n\r\n\r\n\r\n<p>Zvl\u00e1\u0161tn\u00ed znamen\u00ed: hust\u00e9, skoro do b\u011bla blon\u010fat\u00e9 vlasy ost\u0159\u00edhan\u00e9 na je\u017eka a velk\u00e9 dioptrick\u00e9 br\u00fdle<\/p>\r\n<p>&nbsp;<\/p>\r\n<p>&nbsp;<\/p>\r\n<p>&nbsp;<\/p>\r\n<p>TIM O SOB\u011a:<\/p>\r\n<p><em>Jmenuji se Tim Fiala. Je mi deset let a chod\u00edm do \u010dtvrt\u00e9 t\u0159\u00eddy. \u010c\u00edm budu, to je\u0161t\u011b nev\u00edm. M\u00e1m asi dvacet r\u016fzn\u00fdch obor\u016f, kter\u00e9 m\u011b zaj\u00edmaj\u00ed. Astronomie, meteorologie, podmo\u0159sk\u00e1 archeologie, paleontologie dinosaur\u016f, kryptozoologie\u2026 taky bych mohl b\u00fdt prezidentem a ve voln\u00e9m \u010dase jezdit na stup\u00e1tku popel\u00e1\u0159sk\u00e9ho auta. Ale mo\u017enost\u00ed je mnohem v\u00edc.<\/em><\/p>\r\n<p>&nbsp;<\/p>\r\n<p>&nbsp;<\/p>\r\n<p>RODI\u010cE<\/p>\r\n<p><img loading=\"lazy\" decoding=\"async\" class=\"size-medium wp-image-3374 alignleft\" src=\"http:\/\/www.gangodvaznych.cz\/wp-content\/uploads\/2023\/02\/Rodina-Fialova-186x300.jpg\" alt=\"\" width=\"186\" height=\"300\" srcset=\"https:\/\/www.gangodvaznych.cz\/wp-content\/uploads\/2023\/02\/Rodina-Fialova-186x300.jpg 186w, https:\/\/www.gangodvaznych.cz\/wp-content\/uploads\/2023\/02\/Rodina-Fialova-637x1024.jpg 637w, https:\/\/www.gangodvaznych.cz\/wp-content\/uploads\/2023\/02\/Rodina-Fialova-300x483.jpg 300w, https:\/\/www.gangodvaznych.cz\/wp-content\/uploads\/2023\/02\/Rodina-Fialova.jpg 667w\" sizes=\"auto, (max-width: 186px) 100vw, 186px\" \/><\/p>\r\n<p>Lud\u011bk Fiala<\/p>\r\n<p>Eli\u0161ka Fialov\u00e1<br><br><img loading=\"lazy\" decoding=\"async\" class=\"size-medium wp-image-5681 alignleft\" src=\"http:\/\/www.gangodvaznych.cz\/wp-content\/uploads\/2026\/03\/Fialovi_Zralok-300x264.jpg\" alt=\"\" width=\"300\" height=\"264\" srcset=\"https:\/\/www.gangodvaznych.cz\/wp-content\/uploads\/2026\/03\/Fialovi_Zralok-300x264.jpg 300w, https:\/\/www.gangodvaznych.cz\/wp-content\/uploads\/2026\/03\/Fialovi_Zralok-1024x901.jpg 1024w, https:\/\/www.gangodvaznych.cz\/wp-content\/uploads\/2026\/03\/Fialovi_Zralok-768x676.jpg 768w, https:\/\/www.gangodvaznych.cz\/wp-content\/uploads\/2026\/03\/Fialovi_Zralok-1536x1351.jpg 1536w, https:\/\/www.gangodvaznych.cz\/wp-content\/uploads\/2026\/03\/Fialovi_Zralok-850x748.jpg 850w, https:\/\/www.gangodvaznych.cz\/wp-content\/uploads\/2026\/03\/Fialovi_Zralok.jpg 2029w\" sizes=\"auto, (max-width: 300px) 100vw, 300px\" \/><\/p>\r\n<p><img loading=\"lazy\" decoding=\"async\" class=\"alignnone size-medium wp-image-5682\" src=\"http:\/\/www.gangodvaznych.cz\/wp-content\/uploads\/2026\/03\/Fialovi-v-Thajsku-150x300.jpg\" alt=\"\" width=\"150\" height=\"300\" srcset=\"https:\/\/www.gangodvaznych.cz\/wp-content\/uploads\/2026\/03\/Fialovi-v-Thajsku-150x300.jpg 150w, https:\/\/www.gangodvaznych.cz\/wp-content\/uploads\/2026\/03\/Fialovi-v-Thajsku.jpg 296w\" sizes=\"auto, (max-width: 150px) 100vw, 150px\" \/><img loading=\"lazy\" decoding=\"async\" class=\"alignnone  wp-image-5683\" src=\"http:\/\/www.gangodvaznych.cz\/wp-content\/uploads\/2026\/03\/Ludek-Fiala-242x300.jpg\" alt=\"\" width=\"167\" height=\"207\" srcset=\"https:\/\/www.gangodvaznych.cz\/wp-content\/uploads\/2026\/03\/Ludek-Fiala-242x300.jpg 242w, https:\/\/www.gangodvaznych.cz\/wp-content\/uploads\/2026\/03\/Ludek-Fiala-300x371.jpg 300w, https:\/\/www.gangodvaznych.cz\/wp-content\/uploads\/2026\/03\/Ludek-Fiala.jpg 315w\" sizes=\"auto, (max-width: 167px) 100vw, 167px\" \/><\/p>\r\n<p>&nbsp;<\/p>\r\n<p>&nbsp;<\/p>\r\n\r\n\r\n\r\n<p><a href=\"https:\/\/www.gangodvaznych.cz\/index.php\/timovy-knizni-tipy\/\">TIMOVY TIPY NA DOBRODRU\u017dN\u00c9 \u010cTEN\u00cd<\/a><\/p>\r\n<p>&nbsp;<\/p>\r\n\r\n\r\n\r\n<p>\u010cl\u00e1nky t\u00e9to postavy:<\/p>\r\n\r\n\r\n<ul class=\"lcp_catlist\" id=\"lcp_instance_0\"><li><a href=\"https:\/\/www.gangodvaznych.cz\/index.php\/2026\/03\/28\/lev-v-ceskem-statnim-znaku-tim\/\">Lev v \u010desk\u00e9m st\u00e1tn\u00edm znaku (Tim)<\/a><\/li><li><a href=\"https:\/\/www.gangodvaznych.cz\/index.php\/2025\/09\/09\/posledni-mamuti-tim\/\">Posledn\u00ed mamuti (Tim)<\/a><\/li><li><a href=\"https:\/\/www.gangodvaznych.cz\/index.php\/2025\/04\/21\/deset-slavnych-piratek-tim\/\">Jeden\u00e1ct slavn\u00fdch pir\u00e1tek (Tim)<\/a><\/li><li><a href=\"https:\/\/www.gangodvaznych.cz\/index.php\/2025\/03\/14\/kdo-ma-v-erbu-medveda-tim\/\">Kdo m\u00e1 v erbu medv\u011bda (Tim)<\/a><\/li><li><a href=\"https:\/\/www.gangodvaznych.cz\/index.php\/2025\/03\/14\/potkat-tak-kryptida-tim\/\">Potkat tak kryptida (Tim)<\/a><\/li><li><a href=\"https:\/\/www.gangodvaznych.cz\/index.php\/2024\/03\/27\/krokodyl-tim\/\">Krokod\u00fdl (Tim)<\/a><\/li><li><a href=\"https:\/\/www.gangodvaznych.cz\/index.php\/2021\/10\/15\/jan-nepomucky-ochrance-pred-povodnemi-tim\/\">Jan Nepomuck\u00fd, ochr\u00e1nce p\u0159ed povodn\u011bmi (Tim)<\/a><\/li><li><a href=\"https:\/\/www.gangodvaznych.cz\/index.php\/2021\/06\/12\/demoni-a-strasidla-japonska-tim\/\">D\u00e9moni a stra\u0161idla Japonska (Tim)<\/a><\/li><li><a href=\"https:\/\/www.gangodvaznych.cz\/index.php\/2021\/05\/13\/japonsky-vodnik-kappa-tim\/\">Japonsk\u00fd vodn\u00edk Kappa (Tim)<\/a><\/li><li><a href=\"https:\/\/www.gangodvaznych.cz\/index.php\/2019\/09\/15\/najdeme-v-evrope-poust-tim\/\">Najdeme v Evrop\u011b pou\u0161\u0165? (Tim)<\/a><\/li><\/ul>\n","protected":false},"excerpt":{"rendered":"<p>Chod\u00edc\u00ed encyklopedie. A\u010dkoliv je z cel\u00e9 skupiny nejmlad\u0161\u00ed, m\u00e1 d\u00edky sv\u00fdm u\u017eite\u010dn\u00fdm znalostem p\u0159irozenou autoritu. Ob\u010das svou p\u0159emoud\u0159elost\u00ed m\u016f\u017ee l\u00e9zt na nervy, ale jeho nevinn\u00fd kuku\u010d ka\u017ed\u00e9ho odzbroj\u00ed. Je nezdoln\u00fd optimista a m\u00e1 tendenci se do v\u0161eho vrhat po hlav\u011b. V\u011bk: 10 let Z\u00e1liby: \u010detba nau\u010dn\u00fdch knih v\u0161eho druhu Zvl\u00e1\u0161tn\u00ed znamen\u00ed: hust\u00e9, skoro do b\u011bla&#8230;<\/p>\n","protected":false},"author":1,"featured_media":0,"parent":0,"menu_order":0,"comment_status":"closed","ping_status":"closed","template":"","meta":{"ngg_post_thumbnail":0,"footnotes":""},"class_list":["post-55","page","type-page","status-publish","hentry"],"_links":{"self":[{"href":"https:\/\/www.gangodvaznych.cz\/index.php\/wp-json\/wp\/v2\/pages\/55","targetHints":{"allow":["GET"]}}],"collection":[{"href":"https:\/\/www.gangodvaznych.cz\/index.php\/wp-json\/wp\/v2\/pages"}],"about":[{"href":"https:\/\/www.gangodvaznych.cz\/index.php\/wp-json\/wp\/v2\/types\/page"}],"author":[{"embeddable":true,"href":"https:\/\/www.gangodvaznych.cz\/index.php\/wp-json\/wp\/v2\/users\/1"}],"replies":[{"embeddable":true,"href":"https:\/\/www.gangodvaznych.cz\/index.php\/wp-json\/wp\/v2\/comments?post=55"}],"version-history":[{"count":15,"href":"https:\/\/www.gangodvaznych.cz\/index.php\/wp-json\/wp\/v2\/pages\/55\/revisions"}],"predecessor-version":[{"id":5723,"href":"https:\/\/www.gangodvaznych.cz\/index.php\/wp-json\/wp\/v2\/pages\/55\/revisions\/5723"}],"wp:attachment":[{"href":"https:\/\/www.gangodvaznych.cz\/index.php\/wp-json\/wp\/v2\/media?parent=55"}],"curies":[{"name":"wp","href":"https:\/\/api.w.org\/{rel}","templated":true}]}}