{"id":5638,"date":"2026-03-28T23:36:32","date_gmt":"2026-03-28T23:36:32","guid":{"rendered":"https:\/\/www.gangodvaznych.cz\/?page_id=5638"},"modified":"2026-03-28T23:36:32","modified_gmt":"2026-03-28T23:36:32","slug":"savana-bonusy","status":"publish","type":"page","link":"https:\/\/www.gangodvaznych.cz\/index.php\/savana-bonusy\/","title":{"rendered":"SAVANA &#8211; bonusy"},"content":{"rendered":"<p>\u010cl\u00e1nky k t\u00e9matu SAVANA se vztahuj\u00ed ke knize <em>Lv\u00ed \u0159ev<\/em>.<\/p>\n<p>&nbsp;<\/p>\n<ul>\n<li><a href=\"https:\/\/www.gangodvaznych.cz\/index.php\/2026\/03\/28\/horkovzdusny-balon-hardy\/\">Horkovzdu\u0161n\u00fd balon (Hardy)<\/a><\/li>\n<li><a href=\"https:\/\/www.gangodvaznych.cz\/index.php\/2026\/03\/28\/jak-chytit-spavou-nemoc-mariana\/\">Jak chytit spavou nemoc (Mariana)<\/a><\/li>\n<li><a href=\"https:\/\/www.gangodvaznych.cz\/index.php\/2026\/03\/28\/jak-se-svahilsky-rekne-lev-beta\/\">Jak se svahilsky \u0159ekne lev (Beta)<\/a><\/li>\n<li><a href=\"https:\/\/www.gangodvaznych.cz\/index.php\/2026\/03\/28\/lev-savlozuby-a-lev-jeskynni-jonas\/\">Lev \u0161avlozub\u00fd a lev jeskynn\u00ed (Jon\u00e1\u0161)<\/a><\/li>\n<li><a href=\"https:\/\/www.gangodvaznych.cz\/index.php\/2026\/03\/28\/lev-v-ceskem-statnim-znaku-tim\/\">Lev v \u010desk\u00e9m st\u00e1tn\u00edm znaku (Tim)<\/a><\/li>\n<li><a href=\"https:\/\/www.gangodvaznych.cz\/index.php\/2026\/03\/28\/rovne-po-rovniku-alfa\/\">Rovn\u011b po rovn\u00edku (Alfa)<\/a><\/li>\n<\/ul>\n","protected":false},"excerpt":{"rendered":"<p>\u010cl\u00e1nky k t\u00e9matu SAVANA se vztahuj\u00ed ke knize Lv\u00ed \u0159ev. &nbsp; Horkovzdu\u0161n\u00fd balon (Hardy) Jak chytit spavou nemoc (Mariana) Jak se svahilsky \u0159ekne lev (Beta) Lev \u0161avlozub\u00fd a lev jeskynn\u00ed (Jon\u00e1\u0161) Lev v \u010desk\u00e9m st\u00e1tn\u00edm znaku (Tim) Rovn\u011b po rovn\u00edku (Alfa)<\/p>\n","protected":false},"author":1,"featured_media":0,"parent":0,"menu_order":0,"comment_status":"closed","ping_status":"closed","template":"","meta":{"ngg_post_thumbnail":0,"footnotes":""},"class_list":["post-5638","page","type-page","status-publish","hentry"],"_links":{"self":[{"href":"https:\/\/www.gangodvaznych.cz\/index.php\/wp-json\/wp\/v2\/pages\/5638","targetHints":{"allow":["GET"]}}],"collection":[{"href":"https:\/\/www.gangodvaznych.cz\/index.php\/wp-json\/wp\/v2\/pages"}],"about":[{"href":"https:\/\/www.gangodvaznych.cz\/index.php\/wp-json\/wp\/v2\/types\/page"}],"author":[{"embeddable":true,"href":"https:\/\/www.gangodvaznych.cz\/index.php\/wp-json\/wp\/v2\/users\/1"}],"replies":[{"embeddable":true,"href":"https:\/\/www.gangodvaznych.cz\/index.php\/wp-json\/wp\/v2\/comments?post=5638"}],"version-history":[{"count":1,"href":"https:\/\/www.gangodvaznych.cz\/index.php\/wp-json\/wp\/v2\/pages\/5638\/revisions"}],"predecessor-version":[{"id":5639,"href":"https:\/\/www.gangodvaznych.cz\/index.php\/wp-json\/wp\/v2\/pages\/5638\/revisions\/5639"}],"wp:attachment":[{"href":"https:\/\/www.gangodvaznych.cz\/index.php\/wp-json\/wp\/v2\/media?parent=5638"}],"curies":[{"name":"wp","href":"https:\/\/api.w.org\/{rel}","templated":true}]}}