{"id":62,"date":"2019-03-23T10:57:43","date_gmt":"2019-03-23T10:57:43","guid":{"rendered":"http:\/\/www.gangodvaznych.cz\/?page_id=62"},"modified":"2026-03-28T23:45:22","modified_gmt":"2026-03-28T23:45:22","slug":"bonusy-more","status":"publish","type":"page","link":"https:\/\/www.gangodvaznych.cz\/index.php\/bonusy-more\/","title":{"rendered":"MO\u0158E &#8211; bonusy"},"content":{"rendered":"\r\n\r\n\r\n<p><img loading=\"lazy\" decoding=\"async\" class=\" wp-image-2163 alignright\" src=\"http:\/\/www.gangodvaznych.cz\/wp-content\/uploads\/2021\/05\/Ztraceni-ve-vlnach_-OBALKA-202x300.jpg\" alt=\"\" width=\"120\" height=\"178\" srcset=\"https:\/\/www.gangodvaznych.cz\/wp-content\/uploads\/2021\/05\/Ztraceni-ve-vlnach_-OBALKA-202x300.jpg 202w, https:\/\/www.gangodvaznych.cz\/wp-content\/uploads\/2021\/05\/Ztraceni-ve-vlnach_-OBALKA-690x1024.jpg 690w, https:\/\/www.gangodvaznych.cz\/wp-content\/uploads\/2021\/05\/Ztraceni-ve-vlnach_-OBALKA-768x1140.jpg 768w, https:\/\/www.gangodvaznych.cz\/wp-content\/uploads\/2021\/05\/Ztraceni-ve-vlnach_-OBALKA-1035x1536.jpg 1035w, https:\/\/www.gangodvaznych.cz\/wp-content\/uploads\/2021\/05\/Ztraceni-ve-vlnach_-OBALKA-1380x2048.jpg 1380w, https:\/\/www.gangodvaznych.cz\/wp-content\/uploads\/2021\/05\/Ztraceni-ve-vlnach_-OBALKA-300x445.jpg 300w, https:\/\/www.gangodvaznych.cz\/wp-content\/uploads\/2021\/05\/Ztraceni-ve-vlnach_-OBALKA-850x1261.jpg 850w, https:\/\/www.gangodvaznych.cz\/wp-content\/uploads\/2021\/05\/Ztraceni-ve-vlnach_-OBALKA-scaled.jpg 1725w\" sizes=\"auto, (max-width: 120px) 100vw, 120px\" \/>\u010cl\u00e1nky k t\u00e9matu MO\u0158E se vztahuj\u00ed ke knize <a href=\"https:\/\/www.gangodvaznych.cz\/index.php\/ztraceni-ve-vlnach\/\"><em>ZTRACENI VE VLN\u00c1CH<\/em><\/a><\/p>\r\n<p>\u010cl\u00e1nky k t\u00e9matu:<\/p>\r\n\r\n\r\n<p><img loading=\"lazy\" decoding=\"async\" class=\" wp-image-824 alignleft\" src=\"http:\/\/www.gangodvaznych.cz\/wp-content\/uploads\/2019\/04\/Ztraceni_ve_vlnach_11-96x300.jpg\" alt=\"\" width=\"191\" height=\"597\"><ul class=\"lcp_catlist\" id=\"lcp_instance_0\"><li><a href=\"https:\/\/www.gangodvaznych.cz\/index.php\/2019\/06\/25\/nejvetsi-lodni-katastrofy-tim\/\">Nejv\u011bt\u0161\u00ed lodn\u00ed katastrofy (Tim)<\/a><\/li><li><a href=\"https:\/\/www.gangodvaznych.cz\/index.php\/2019\/03\/24\/bermudsky-trojuhelnik-tim\/\">Bermudsk\u00fd troj\u00faheln\u00edk (Tim)<\/a><\/li><li><a href=\"https:\/\/www.gangodvaznych.cz\/index.php\/2019\/03\/24\/jak-osetrit-zraneni-zpusobena-jedovatymi-morskymi-zivocichy-mariana\/\">Jak o\u0161et\u0159it zran\u011bn\u00ed zp\u016fsoben\u00e1 jedovat\u00fdmi mo\u0159sk\u00fdmi \u017eivo\u010dichy (Mariana)<\/a><\/li><li><a href=\"https:\/\/www.gangodvaznych.cz\/index.php\/2019\/03\/24\/co-v-mori-zautocilo-na-hardyho-jonas\/\">Co v mo\u0159i za\u00fato\u010dilo na Hardyho? (Jon\u00e1\u0161)<\/a><\/li><li><a href=\"https:\/\/www.gangodvaznych.cz\/index.php\/2019\/03\/24\/ostruvek-na-kterem-jsme-se-zachranili-hardy\/\">Ostr\u016fvek, na kter\u00e9m jsme se zachr\u00e1nili (Hardy)<\/a><\/li><li><a href=\"https:\/\/www.gangodvaznych.cz\/index.php\/2019\/03\/24\/alfa-a-beta-rozhovor-pro-tisk\/\">Alfa a Beta: Rozhovor pro tisk<\/a><\/li><li><a href=\"https:\/\/www.gangodvaznych.cz\/index.php\/2019\/03\/24\/dopis-otci-hardy\/\">Dopis otci (Hardy)<\/a><\/li><\/ul><\/p>\n\r\n\r\n\r\n<p>&nbsp;<\/p>\r\n","protected":false},"excerpt":{"rendered":"<p>\u010cl\u00e1nky k t\u00e9matu MO\u0158E se vztahuj\u00ed ke knize ZTRACENI VE VLN\u00c1CH \u010cl\u00e1nky k t\u00e9matu: &nbsp;<\/p>\n","protected":false},"author":1,"featured_media":0,"parent":0,"menu_order":0,"comment_status":"closed","ping_status":"closed","template":"","meta":{"ngg_post_thumbnail":0,"footnotes":""},"class_list":["post-62","page","type-page","status-publish","hentry"],"_links":{"self":[{"href":"https:\/\/www.gangodvaznych.cz\/index.php\/wp-json\/wp\/v2\/pages\/62","targetHints":{"allow":["GET"]}}],"collection":[{"href":"https:\/\/www.gangodvaznych.cz\/index.php\/wp-json\/wp\/v2\/pages"}],"about":[{"href":"https:\/\/www.gangodvaznych.cz\/index.php\/wp-json\/wp\/v2\/types\/page"}],"author":[{"embeddable":true,"href":"https:\/\/www.gangodvaznych.cz\/index.php\/wp-json\/wp\/v2\/users\/1"}],"replies":[{"embeddable":true,"href":"https:\/\/www.gangodvaznych.cz\/index.php\/wp-json\/wp\/v2\/comments?post=62"}],"version-history":[{"count":12,"href":"https:\/\/www.gangodvaznych.cz\/index.php\/wp-json\/wp\/v2\/pages\/62\/revisions"}],"predecessor-version":[{"id":5646,"href":"https:\/\/www.gangodvaznych.cz\/index.php\/wp-json\/wp\/v2\/pages\/62\/revisions\/5646"}],"wp:attachment":[{"href":"https:\/\/www.gangodvaznych.cz\/index.php\/wp-json\/wp\/v2\/media?parent=62"}],"curies":[{"name":"wp","href":"https:\/\/api.w.org\/{rel}","templated":true}]}}