{"id":643,"date":"2019-03-31T17:07:23","date_gmt":"2019-03-31T17:07:23","guid":{"rendered":"http:\/\/www.gangodvaznych.cz\/?page_id=643"},"modified":"2025-03-21T18:16:02","modified_gmt":"2025-03-21T18:16:02","slug":"beletrie","status":"publish","type":"page","link":"https:\/\/www.gangodvaznych.cz\/index.php\/beletrie\/","title":{"rendered":"Beletrie"},"content":{"rendered":"\r\n<p><a href=\"http:\/\/www.gangodvaznych.cz\/index.php\/beletrie-jinych-autoru-dzungle\/\">D\u017dUNGLE<img loading=\"lazy\" decoding=\"async\" class=\"size-medium wp-image-894 alignright\" src=\"http:\/\/www.gangodvaznych.cz\/wp-content\/uploads\/2019\/04\/Tim_kniha_vyk\u0159i\u010d_2-237x300.jpg\" alt=\"\" width=\"237\" height=\"300\" srcset=\"https:\/\/www.gangodvaznych.cz\/wp-content\/uploads\/2019\/04\/Tim_kniha_vyk\u0159i\u010d_2-237x300.jpg 237w, https:\/\/www.gangodvaznych.cz\/wp-content\/uploads\/2019\/04\/Tim_kniha_vyk\u0159i\u010d_2-768x974.jpg 768w, https:\/\/www.gangodvaznych.cz\/wp-content\/uploads\/2019\/04\/Tim_kniha_vyk\u0159i\u010d_2-300x380.jpg 300w, https:\/\/www.gangodvaznych.cz\/wp-content\/uploads\/2019\/04\/Tim_kniha_vyk\u0159i\u010d_2.jpg 805w\" sizes=\"auto, (max-width: 237px) 100vw, 237px\" \/><\/a><br><a href=\"http:\/\/www.gangodvaznych.cz\/index.php\/beletrie-jinych-autoru-hory\/\">HORY<\/a><br><a href=\"https:\/\/www.gangodvaznych.cz\/index.php\/beletrie-jinych-autoru-mamut\/\">MAMUT<\/a><br><a href=\"https:\/\/www.gangodvaznych.cz\/index.php\/beletrie-jinych-autoru-medved\/\">MEDV\u011aD<\/a><br><a href=\"http:\/\/www.gangodvaznych.cz\/index.php\/beletrie-jinych-autoru-more\/\">MO\u0158E<\/a><br><a href=\"http:\/\/www.gangodvaznych.cz\/index.php\/beletrie-jinych-autoru-poust\/\">POU\u0160\u0164<\/a><br><a href=\"https:\/\/www.gangodvaznych.cz\/index.php\/beletrie-jinych-autoru-povoden\/\">POVODE\u0147<\/a><br><a href=\"https:\/\/www.gangodvaznych.cz\/index.php\/beletrie-jinych-autoru-pozar\/\">PO\u017d\u00c1R<\/a><br><a href=\"https:\/\/www.gangodvaznych.cz\/index.php\/beletrie-jinych-autoru-safari\/\">SAFARI<\/a><br><a href=\"https:\/\/www.gangodvaznych.cz\/index.php\/beletrie-jinych-autoru-tornado\/\">TORN\u00c1DO<\/a><br><a href=\"https:\/\/www.gangodvaznych.cz\/index.php\/beletrie-jinych-autoru-pandemie\/\">VIRUS<\/a><br><a href=\"https:\/\/www.gangodvaznych.cz\/index.php\/beletrie-jinych-autoru-zemetreseni\/\">ZEM\u011aT\u0158ESEN\u00cd<\/a><br><a href=\"https:\/\/www.gangodvaznych.cz\/index.php\/beletrie-jinych-autoru-potapeni\/\">\u017dRALOK<\/a><br><br><br><br><\/p>\r\n<p><a href=\"http:\/\/www.gangodvaznych.cz\/index.php\/mix-pribehy-jinych-autoru-o-cestach-prekonavani-hranic-a-preziti\/\">MIX<\/a> &#8211; p\u0159\u00edb\u011bhy o cestov\u00e1n\u00ed, p\u0159ekon\u00e1v\u00e1n\u00ed hranic a p\u0159e\u017eit\u00ed<\/p>\r\n<p>&nbsp;<\/p>\r\n<p><span style=\"color: #ff0000;\"><strong><a style=\"color: #ff0000;\" href=\"https:\/\/www.gangodvaznych.cz\/index.php\/timovy-knizni-tipy\/\">&nbsp; &nbsp; &nbsp; &nbsp; &nbsp; &nbsp; &nbsp; &nbsp; &nbsp; &nbsp; &nbsp; &nbsp; &nbsp; &nbsp; &nbsp; &nbsp; &nbsp; &nbsp; &nbsp; &nbsp; &nbsp; &nbsp; &nbsp; &nbsp; &nbsp; &nbsp; &nbsp; &nbsp; &nbsp; &nbsp; &nbsp; &nbsp; &nbsp; &nbsp; &nbsp; &nbsp; &nbsp; &nbsp; &nbsp; &nbsp; &nbsp; &nbsp; &nbsp; &nbsp; &nbsp; &nbsp; &nbsp; &nbsp; &nbsp; &nbsp; &nbsp; &nbsp; &nbsp; &nbsp; &nbsp; &nbsp; &nbsp; &nbsp; &nbsp; &nbsp; &nbsp; &nbsp; &nbsp; &nbsp; TIMOVY KNI\u017dN\u00cd TIPY !<\/a><\/strong><\/span><\/p>\r\n","protected":false},"excerpt":{"rendered":"<p>D\u017dUNGLEHORYMAMUTMEDV\u011aDMO\u0158EPOU\u0160\u0164POVODE\u0147PO\u017d\u00c1RSAFARITORN\u00c1DOVIRUSZEM\u011aT\u0158ESEN\u00cd\u017dRALOK MIX &#8211; p\u0159\u00edb\u011bhy o cestov\u00e1n\u00ed, p\u0159ekon\u00e1v\u00e1n\u00ed hranic a p\u0159e\u017eit\u00ed &nbsp; &nbsp; &nbsp; &nbsp; &nbsp; &nbsp; &nbsp; &nbsp; &nbsp; &nbsp; &nbsp; &nbsp; &nbsp; &nbsp; &nbsp; &nbsp; &nbsp; &nbsp; &nbsp; &nbsp; &nbsp; &nbsp; &nbsp; &nbsp; &nbsp; &nbsp; &nbsp; &nbsp; &nbsp; &nbsp; &nbsp; &nbsp; &nbsp; &nbsp; &nbsp; &nbsp; &nbsp; &nbsp; &nbsp; &nbsp; &nbsp; &nbsp; &nbsp; &nbsp; &nbsp;&#8230;<\/p>\n","protected":false},"author":1,"featured_media":0,"parent":0,"menu_order":0,"comment_status":"closed","ping_status":"closed","template":"","meta":{"ngg_post_thumbnail":0,"footnotes":""},"class_list":["post-643","page","type-page","status-publish","hentry"],"_links":{"self":[{"href":"https:\/\/www.gangodvaznych.cz\/index.php\/wp-json\/wp\/v2\/pages\/643","targetHints":{"allow":["GET"]}}],"collection":[{"href":"https:\/\/www.gangodvaznych.cz\/index.php\/wp-json\/wp\/v2\/pages"}],"about":[{"href":"https:\/\/www.gangodvaznych.cz\/index.php\/wp-json\/wp\/v2\/types\/page"}],"author":[{"embeddable":true,"href":"https:\/\/www.gangodvaznych.cz\/index.php\/wp-json\/wp\/v2\/users\/1"}],"replies":[{"embeddable":true,"href":"https:\/\/www.gangodvaznych.cz\/index.php\/wp-json\/wp\/v2\/comments?post=643"}],"version-history":[{"count":27,"href":"https:\/\/www.gangodvaznych.cz\/index.php\/wp-json\/wp\/v2\/pages\/643\/revisions"}],"predecessor-version":[{"id":4300,"href":"https:\/\/www.gangodvaznych.cz\/index.php\/wp-json\/wp\/v2\/pages\/643\/revisions\/4300"}],"wp:attachment":[{"href":"https:\/\/www.gangodvaznych.cz\/index.php\/wp-json\/wp\/v2\/media?parent=643"}],"curies":[{"name":"wp","href":"https:\/\/api.w.org\/{rel}","templated":true}]}}